CRAN Package Check Results for Package MixTwice

Last updated on 2021-09-26 08:50:18 CEST.

Flavor Version Tinstall Tcheck Ttotal Status Flags
r-devel-linux-x86_64-debian-clang 1.1 2.47 30.83 33.30 OK
r-devel-linux-x86_64-debian-gcc 1.1 1.93 23.84 25.77 OK
r-devel-linux-x86_64-fedora-clang 1.1 48.86 NOTE
r-devel-linux-x86_64-fedora-gcc 1.1 38.26 NOTE
r-devel-windows-x86_64 1.1 3.00 34.00 37.00 OK
r-devel-windows-x86_64-gcc10-UCRT 1.1 NOTE
r-patched-linux-x86_64 1.1 2.54 29.74 32.28 OK
r-patched-solaris-x86 1.1 62.60 NOTE
r-release-linux-x86_64 1.1 2.08 29.40 31.48 OK
r-release-macos-arm64 1.1 NOTE
r-release-macos-x86_64 1.1 NOTE
r-release-windows-ix86+x86_64 1.1 6.00 47.00 53.00 OK
r-oldrel-macos-x86_64 1.1 NOTE
r-oldrel-windows-ix86+x86_64 1.1 4.00 37.00 41.00 OK

Check Details

Version: 1.1
Check: dependencies in R code
Result: NOTE
    Namespaces in Imports field not imported from:
     ‘ashr’ ‘fdrtool’
     All declared Imports should be used.
Flavors: r-devel-linux-x86_64-fedora-clang, r-devel-linux-x86_64-fedora-gcc, r-devel-windows-x86_64-gcc10-UCRT, r-patched-solaris-x86, r-release-macos-arm64, r-release-macos-x86_64, r-oldrel-macos-x86_64