Last updated on 2024-04-20 08:51:01 CEST.
Flavor | Version | Tinstall | Tcheck | Ttotal | Status | Flags |
---|---|---|---|---|---|---|
r-devel-linux-x86_64-debian-clang | 1.6.64 | 59.92 | 175.46 | 235.38 | NOTE | |
r-devel-linux-x86_64-debian-gcc | 1.6.64 | 45.90 | 120.58 | 166.48 | NOTE | |
r-devel-linux-x86_64-fedora-clang | 1.6.64 | 296.70 | NOTE | |||
r-devel-linux-x86_64-fedora-gcc | 1.6.64 | 284.94 | NOTE | |||
r-prerel-macos-arm64 | 1.6.64 | 63.00 | NOTE | |||
r-prerel-windows-x86_64 | 1.6.64 | 47.00 | 144.00 | 191.00 | NOTE | |
r-patched-linux-x86_64 | 1.6.64 | 51.72 | 163.47 | 215.19 | NOTE | |
r-release-linux-x86_64 | 1.6.64 | 57.06 | 170.57 | 227.63 | NOTE | |
r-release-macos-arm64 | 1.6.64 | 71.00 | NOTE | |||
r-release-macos-x86_64 | 1.6.64 | 135.00 | NOTE | |||
r-release-windows-x86_64 | 1.6.64 | 50.00 | 180.00 | 230.00 | NOTE | |
r-oldrel-macos-arm64 | 1.6.64 | 66.00 | NOTE | |||
r-oldrel-windows-x86_64 | 1.6.64 | 63.00 | 158.00 | 221.00 | NOTE |
Version: 1.6.64
Check: package dependencies
Result: NOTE
Packages suggested but not available for checking:
'biomaRt', 'optiSel', 'alstructure'
Packages which this enhances but not available for checking:
'miraculix', 'RandomFieldsUtils', 'MoBPSmaps'
Flavor: r-devel-linux-x86_64-debian-clang
Version: 1.6.64
Check: Rd files
Result: NOTE
checkRd: (-1) creating.phenotypic.transform.Rd:20: Lost braces
20 | trafo <- function(x){ return(x^2)}
| ^
Flavors: r-devel-linux-x86_64-debian-clang, r-devel-linux-x86_64-debian-gcc, r-devel-linux-x86_64-fedora-clang, r-devel-linux-x86_64-fedora-gcc, r-prerel-macos-arm64, r-prerel-windows-x86_64, r-patched-linux-x86_64
Version: 1.6.64
Check: package dependencies
Result: NOTE
Packages suggested but not available for checking: 'optiSel', 'alstructure'
Packages which this enhances but not available for checking:
'miraculix', 'RandomFieldsUtils', 'MoBPSmaps'
Flavors: r-devel-linux-x86_64-debian-gcc, r-devel-linux-x86_64-fedora-clang, r-devel-linux-x86_64-fedora-gcc, r-patched-linux-x86_64, r-release-linux-x86_64
Version: 1.6.64
Check: package dependencies
Result: NOTE
Packages suggested but not available for checking:
'doMPI', 'optiSel', 'alstructure'
Packages which this enhances but not available for checking:
'miraculix', 'RandomFieldsUtils', 'MoBPSmaps'
Flavor: r-prerel-macos-arm64
Version: 1.6.64
Check: package dependencies
Result: NOTE
Package suggested but not available for checking: 'alstructure'
Packages which this enhances but not available for checking:
'miraculix', 'RandomFieldsUtils', 'MoBPSmaps'
Flavors: r-prerel-windows-x86_64, r-release-windows-x86_64, r-oldrel-windows-x86_64
Version: 1.6.64
Check: package dependencies
Result: NOTE
Packages suggested but not available for checking: 'doMPI', 'alstructure'
Packages which this enhances but not available for checking:
'miraculix', 'RandomFieldsUtils', 'MoBPSmaps'
Flavors: r-release-macos-arm64, r-release-macos-x86_64
Version: 1.6.64
Check: package dependencies
Result: NOTE
Packages suggested but not available for checking: 'doMPI', 'alstructure'
Package which this enhances but not available for checking: ‘MoBPSmaps’
Flavor: r-oldrel-macos-arm64