Last updated on 2024-04-24 07:57:45 CEST.
Flavor | Version | Tinstall | Tcheck | Ttotal | Status | Flags |
---|---|---|---|---|---|---|
r-devel-linux-x86_64-debian-clang | 0.0.31 | 16.44 | 128.65 | 145.09 | NOTE | |
r-devel-linux-x86_64-debian-gcc | 0.0.31 | 11.78 | 94.04 | 105.82 | NOTE | |
r-devel-linux-x86_64-fedora-clang | 0.0.31 | 179.17 | NOTE | |||
r-devel-linux-x86_64-fedora-gcc | 0.0.31 | 178.73 | NOTE | |||
r-prerel-macos-arm64 | 0.0.31 | 58.00 | NOTE | |||
r-prerel-windows-x86_64 | 0.0.31 | 14.00 | 118.00 | 132.00 | NOTE | |
r-patched-linux-x86_64 | 0.0.31 | 10.08 | 119.90 | 129.98 | NOTE | |
r-release-linux-x86_64 | 0.0.31 | 9.71 | 123.34 | 133.05 | NOTE | |
r-release-macos-arm64 | 0.0.31 | 53.00 | NOTE | |||
r-release-macos-x86_64 | 0.0.31 | 92.00 | NOTE | |||
r-release-windows-x86_64 | 0.0.31 | 18.00 | 139.00 | 157.00 | NOTE | |
r-oldrel-macos-arm64 | 0.0.31 | 51.00 | NOTE | |||
r-oldrel-windows-x86_64 | 0.0.31 | 18.00 | 139.00 | 157.00 | NOTE |
Version: 0.0.31
Check: LazyData
Result: NOTE
'LazyData' is specified without a 'data' directory
Flavors: r-devel-linux-x86_64-debian-clang, r-devel-linux-x86_64-debian-gcc, r-devel-linux-x86_64-fedora-clang, r-devel-linux-x86_64-fedora-gcc, r-prerel-macos-arm64, r-prerel-windows-x86_64, r-patched-linux-x86_64, r-release-linux-x86_64, r-release-macos-arm64, r-release-macos-x86_64, r-release-windows-x86_64, r-oldrel-macos-arm64, r-oldrel-windows-x86_64
Version: 0.0.31
Check: dependencies in R code
Result: NOTE
Namespace in Imports field not imported from: ‘ggplot2’
All declared Imports should be used.
Flavors: r-devel-linux-x86_64-fedora-clang, r-devel-linux-x86_64-fedora-gcc, r-oldrel-macos-arm64