CRAN Package Check Results for Package Modelcharts

Last updated on 2024-04-16 08:58:04 CEST.

Flavor Version Tinstall Tcheck Ttotal Status Flags
r-devel-linux-x86_64-debian-clang 0.1.0 6.37 53.97 60.34 NOTE
r-devel-linux-x86_64-debian-gcc 0.1.0 5.00 41.46 46.46 NOTE
r-devel-linux-x86_64-fedora-clang 0.1.0 77.25 NOTE
r-devel-linux-x86_64-fedora-gcc 0.1.0 75.23 NOTE
r-prerel-macos-arm64 0.1.0 27.00 NOTE
r-prerel-windows-x86_64 0.1.0 7.00 58.00 65.00 NOTE
r-patched-linux-x86_64 0.1.0 4.97 52.00 56.97 NOTE
r-release-linux-x86_64 0.1.0 4.11 50.55 54.66 NOTE
r-release-macos-arm64 0.1.0 29.00 NOTE
r-release-macos-x86_64 0.1.0 39.00 NOTE
r-release-windows-x86_64 0.1.0 8.00 77.00 85.00 NOTE
r-oldrel-macos-arm64 0.1.0 26.00 NOTE
r-oldrel-windows-x86_64 0.1.0 9.00 82.00 91.00 NOTE

Check Details

Version: 0.1.0
Check: LazyData
Result: NOTE 'LazyData' is specified without a 'data' directory Flavors: r-devel-linux-x86_64-debian-clang, r-devel-linux-x86_64-debian-gcc, r-devel-linux-x86_64-fedora-clang, r-devel-linux-x86_64-fedora-gcc, r-prerel-macos-arm64, r-prerel-windows-x86_64, r-patched-linux-x86_64, r-release-linux-x86_64, r-release-macos-arm64, r-release-macos-x86_64, r-release-windows-x86_64, r-oldrel-macos-arm64, r-oldrel-windows-x86_64