CRAN Package Check Results for Package MsdeParEst

Last updated on 2021-05-09 08:50:24 CEST.

Flavor Version Tinstall Tcheck Ttotal Status Flags
r-devel-linux-x86_64-debian-clang 1.7 11.86 93.54 105.40 OK
r-devel-linux-x86_64-debian-gcc 1.7 10.22 71.73 81.95 OK
r-devel-linux-x86_64-fedora-clang 1.7 137.61 NOTE
r-devel-linux-x86_64-fedora-gcc 1.7 136.23 NOTE
r-devel-windows-ix86+x86_64 1.7 28.00 115.00 143.00 OK
r-devel-windows-x86_64-gcc10-UCRT 1.7 NOTE
r-patched-linux-x86_64 1.7 13.14 93.52 106.66 OK
r-patched-solaris-x86 1.7 185.40 NOTE
r-release-linux-x86_64 1.7 12.43 89.79 102.22 OK
r-release-macos-x86_64 1.7 NOTE
r-release-windows-ix86+x86_64 1.7 18.00 85.00 103.00 OK
r-oldrel-macos-x86_64 1.7 NOTE
r-oldrel-windows-ix86+x86_64 1.7 22.00 82.00 104.00 OK

Check Details

Version: 1.7
Check: dependencies in R code
Result: NOTE
    Namespaces in Imports field not imported from:
     ‘MASS’ ‘moments’ ‘mvtnorm’
     All declared Imports should be used.
Flavors: r-devel-linux-x86_64-fedora-clang, r-devel-linux-x86_64-fedora-gcc, r-devel-windows-x86_64-gcc10-UCRT, r-patched-solaris-x86, r-release-macos-x86_64, r-oldrel-macos-x86_64