CRAN Package Check Results for Package MuMIn

Last updated on 2021-07-30 08:50:13 CEST.

Flavor Version Tinstall Tcheck Ttotal Status Flags
r-devel-linux-x86_64-debian-clang 1.43.17 OK
r-devel-linux-x86_64-debian-gcc 1.43.17 15.65 122.08 137.73 OK
r-devel-linux-x86_64-fedora-clang 1.43.17 231.76 NOTE
r-devel-linux-x86_64-fedora-gcc 1.43.17 215.64 OK
r-devel-windows-x86_64 1.43.17 18.00 211.00 229.00 OK
r-devel-windows-x86_64-gcc10-UCRT 1.43.17 NOTE
r-patched-linux-x86_64 1.43.17 OK
r-patched-solaris-x86 1.43.17 300.10 OK
r-release-linux-x86_64 1.43.17 18.39 154.59 172.98 OK
r-release-macos-arm64 1.43.17 OK
r-release-macos-x86_64 1.43.17 OK
r-release-windows-ix86+x86_64 1.43.17 33.00 142.00 175.00 OK
r-oldrel-macos-x86_64 1.43.17 OK
r-oldrel-windows-ix86+x86_64 1.43.17 22.00 199.00 221.00 OK

Check Details

Version: 1.43.17
Check: Rd cross-references
Result: NOTE
    Undeclared packages ‘AICcmodavg’, ‘bbmle’, ‘glmulti’, ‘arm’, ‘wgeesel’, ‘ape’, ‘bestglm’, ‘leaps’, ‘glmmTMB’, ‘brglm’, ‘quantreg’, ‘maxlike’, ‘RMark’ in Rd xrefs
Flavor: r-devel-linux-x86_64-fedora-clang

Version: 1.43.17
Check: Rd cross-references
Result: NOTE
    Unknown package 'glmmTMB' in Rd xrefs
Flavor: r-devel-windows-x86_64-gcc10-UCRT