CRAN Package Check Results for Package MultBiplotR

Last updated on 2021-07-29 09:53:32 CEST.

Flavor Version Tinstall Tcheck Ttotal Status Flags
r-devel-linux-x86_64-debian-clang 1.3.30 OK
r-devel-linux-x86_64-debian-gcc 1.3.30 31.34 188.63 219.97 OK
r-devel-linux-x86_64-fedora-clang 1.3.30 363.12 NOTE
r-devel-linux-x86_64-fedora-gcc 1.3.30 349.03 NOTE
r-devel-windows-x86_64 1.3.30 78.00 341.00 419.00 OK
r-devel-windows-x86_64-gcc10-UCRT 1.3.30 NOTE
r-patched-linux-x86_64 1.3.30 40.37 242.76 283.13 OK
r-patched-solaris-x86 1.3.30 423.10 NOTE
r-release-linux-x86_64 1.3.30 37.46 245.63 283.09 OK
r-release-macos-arm64 1.3.30 NOTE
r-release-macos-x86_64 1.3.30 NOTE
r-release-windows-ix86+x86_64 1.3.30 74.00 234.00 308.00 OK
r-oldrel-macos-x86_64 1.3.30 NOTE
r-oldrel-windows-ix86+x86_64 1.3.30 80.00 324.00 404.00 OK

Check Details

Version: 1.3.30
Check: dependencies in R code
Result: NOTE
    Namespace in Imports field not imported from: ‘polycor’
     All declared Imports should be used.
Flavors: r-devel-linux-x86_64-fedora-clang, r-devel-linux-x86_64-fedora-gcc, r-devel-windows-x86_64-gcc10-UCRT, r-patched-solaris-x86, r-release-macos-arm64, r-release-macos-x86_64, r-oldrel-macos-x86_64