CRAN Package Check Results for Package MultiKink

Last updated on 2021-07-29 09:53:33 CEST.

Flavor Version Tinstall Tcheck Ttotal Status Flags
r-devel-linux-x86_64-debian-clang 0.1.0 OK
r-devel-linux-x86_64-debian-gcc 0.1.0 6.99 72.36 79.35 OK
r-devel-linux-x86_64-fedora-clang 0.1.0 130.66 NOTE
r-devel-linux-x86_64-fedora-gcc 0.1.0 120.97 NOTE
r-devel-windows-x86_64 0.1.0 10.00 126.00 136.00 OK
r-devel-windows-x86_64-gcc10-UCRT 0.1.0 NOTE
r-patched-linux-x86_64 0.1.0 8.41 89.57 97.98 OK
r-patched-solaris-x86 0.1.0 181.00 NOTE
r-release-linux-x86_64 0.1.0 7.53 91.61 99.14 OK
r-release-macos-arm64 0.1.0 NOTE
r-release-macos-x86_64 0.1.0 NOTE
r-release-windows-ix86+x86_64 0.1.0 20.00 83.00 103.00 OK
r-oldrel-macos-x86_64 0.1.0 NOTE
r-oldrel-windows-ix86+x86_64 0.1.0 17.00 114.00 131.00 OK

Check Details

Version: 0.1.0
Check: dependencies in R code
Result: NOTE
    Namespace in Imports field not imported from: ‘MASS’
     All declared Imports should be used.
Flavors: r-devel-linux-x86_64-fedora-clang, r-devel-linux-x86_64-fedora-gcc, r-devel-windows-x86_64-gcc10-UCRT, r-patched-solaris-x86, r-release-macos-arm64, r-release-macos-x86_64, r-oldrel-macos-x86_64