Last updated on 2024-04-24 07:57:46 CEST.
Flavor | Version | Tinstall | Tcheck | Ttotal | Status | Flags |
---|---|---|---|---|---|---|
r-devel-linux-x86_64-debian-clang | 0.8.3 | 66.66 | 362.34 | 429.00 | OK | |
r-devel-linux-x86_64-debian-gcc | 0.8.3 | 53.31 | 257.24 | 310.55 | OK | |
r-devel-linux-x86_64-fedora-clang | 0.8.3 | 539.35 | NOTE | |||
r-devel-linux-x86_64-fedora-gcc | 0.8.3 | 568.41 | OK | |||
r-prerel-macos-arm64 | 0.8.3 | 129.00 | NOTE | |||
r-prerel-macos-x86_64 | 0.8.3 | 253.00 | NOTE | |||
r-prerel-windows-x86_64 | 0.8.3 | 58.00 | 234.00 | 292.00 | NOTE | |
r-patched-linux-x86_64 | 0.8.3 | 69.35 | 348.67 | 418.02 | OK | |
r-release-linux-x86_64 | 0.8.3 | 65.93 | 345.68 | 411.61 | OK | |
r-release-macos-arm64 | 0.8.3 | 137.00 | NOTE | |||
r-release-macos-x86_64 | 0.8.3 | 273.00 | NOTE | |||
r-release-windows-x86_64 | 0.8.3 | 72.00 | 318.00 | 390.00 | NOTE | |
r-oldrel-macos-arm64 | 0.8.3 | 127.00 | NOTE | |||
r-oldrel-windows-x86_64 | 0.8.3 | 74.00 | 307.00 | 381.00 | NOTE |
Version: 0.8.3
Check: installed package size
Result: NOTE
installed size is 5.3Mb
sub-directories of 1Mb or more:
doc 2.7Mb
help 2.2Mb
Flavors: r-devel-linux-x86_64-fedora-clang, r-prerel-macos-arm64, r-prerel-macos-x86_64, r-prerel-windows-x86_64, r-release-macos-arm64, r-release-macos-x86_64, r-release-windows-x86_64, r-oldrel-macos-arm64, r-oldrel-windows-x86_64