Last updated on 2024-04-18 08:54:37 CEST.
Flavor | Version | Tinstall | Tcheck | Ttotal | Status | Flags |
---|---|---|---|---|---|---|
r-devel-linux-x86_64-debian-clang | 1.1.6 | 19.29 | 587.19 | 606.48 | OK | |
r-devel-linux-x86_64-debian-gcc | 1.1.6 | 15.28 | 479.31 | 494.59 | OK | |
r-devel-linux-x86_64-fedora-clang | 1.1.6 | 731.50 | NOTE | |||
r-devel-linux-x86_64-fedora-gcc | 1.1.6 | 809.82 | NOTE | |||
r-prerel-macos-arm64 | 1.1.6 | 214.00 | OK | |||
r-prerel-macos-x86_64 | 1.1.6 | 251.00 | OK | |||
r-prerel-windows-x86_64 | 1.1.6 | 18.00 | 424.00 | 442.00 | OK | |
r-patched-linux-x86_64 | 1.1.6 | 17.77 | 619.46 | 637.23 | OK | |
r-release-linux-x86_64 | 1.1.6 | 20.19 | 607.79 | 627.98 | OK | |
r-release-macos-arm64 | 1.1.6 | 164.00 | OK | |||
r-release-macos-x86_64 | 1.1.6 | 237.00 | OK | |||
r-release-windows-x86_64 | 1.1.6 | 22.00 | 588.00 | 610.00 | OK | |
r-oldrel-macos-arm64 | 1.1.6 | 168.00 | OK | |||
r-oldrel-windows-x86_64 | 1.1.6 | 25.00 | 578.00 | 603.00 | OK |
Version: 1.1.6
Check: dependencies in R code
Result: NOTE
Namespaces in Imports field not imported from:
‘Kendall’ ‘perm’
All declared Imports should be used.
Flavors: r-devel-linux-x86_64-fedora-clang, r-devel-linux-x86_64-fedora-gcc
Version: 1.1.6
Check: data for non-ASCII characters
Result: NOTE
Note: found 63 marked UTF-8 strings
Flavors: r-devel-linux-x86_64-fedora-clang, r-devel-linux-x86_64-fedora-gcc