Last updated on 2024-04-19 08:54:48 CEST.
Flavor | Version | Tinstall | Tcheck | Ttotal | Status | Flags |
---|---|---|---|---|---|---|
r-devel-linux-x86_64-debian-clang | 0.7.0 | 12.10 | 247.63 | 259.73 | OK | |
r-devel-linux-x86_64-debian-gcc | 0.7.0 | OK | ||||
r-devel-linux-x86_64-fedora-clang | 0.7.0 | 342.91 | OK | |||
r-devel-linux-x86_64-fedora-gcc | 0.7.0 | 328.49 | OK | |||
r-prerel-macos-arm64 | 0.7.0 | 188.00 | OK | |||
r-prerel-macos-x86_64 | 0.7.0 | 329.00 | OK | |||
r-prerel-windows-x86_64 | 0.7.0 | 9.00 | 262.00 | 271.00 | OK | |
r-patched-linux-x86_64 | 0.7.0 | 7.46 | 237.06 | 244.52 | OK | |
r-release-linux-x86_64 | 0.7.0 | 6.66 | 237.97 | 244.63 | OK | |
r-release-macos-arm64 | 0.7.0 | 10.00 | ERROR | |||
r-release-macos-x86_64 | 0.7.0 | 7.00 | ERROR | |||
r-release-windows-x86_64 | 0.7.0 | 12.00 | 323.00 | 335.00 | OK | |
r-oldrel-macos-arm64 | 0.7.0 | 176.00 | OK | |||
r-oldrel-windows-x86_64 | 0.7.0 | 13.00 | 319.00 | 332.00 | OK |
Version: 0.7.0
Check: package dependencies
Result: ERROR
Package required but not available: ‘rhdf5’
See section ‘The DESCRIPTION file’ in the ‘Writing R Extensions’
manual.
Flavors: r-release-macos-arm64, r-release-macos-x86_64