CRAN Package Check Results for Package NFCP

Last updated on 2021-05-11 08:48:20 CEST.

Flavor Version Tinstall Tcheck Ttotal Status Flags
r-devel-linux-x86_64-debian-clang 1.0.1 4.89 257.74 262.63 OK
r-devel-linux-x86_64-debian-gcc 1.0.1 3.79 197.25 201.04 OK
r-devel-linux-x86_64-fedora-clang 1.0.1 315.69 NOTE
r-devel-linux-x86_64-fedora-gcc 1.0.1 313.99 NOTE
r-devel-windows-ix86+x86_64 1.0.1 10.00 333.00 343.00 OK
r-devel-windows-x86_64-gcc10-UCRT 1.0.1 NOTE
r-patched-linux-x86_64 1.0.1 5.18 259.16 264.34 OK
r-patched-solaris-x86 1.0.1 690.30 NOTE
r-release-linux-x86_64 1.0.1 4.99 255.21 260.20 OK
r-release-macos-x86_64 1.0.1 NOTE
r-release-windows-ix86+x86_64 1.0.1 8.00 245.00 253.00 OK
r-oldrel-macos-x86_64 1.0.1 NOTE
r-oldrel-windows-ix86+x86_64 0.2.0 6.00 401.00 407.00 OK

Check Details

Version: 1.0.1
Check: dependencies in R code
Result: NOTE
    Namespaces in Imports field not imported from:
     ‘Rdpack’ ‘curl’ ‘mathjaxr’
     All declared Imports should be used.
Flavors: r-devel-linux-x86_64-fedora-clang, r-devel-linux-x86_64-fedora-gcc, r-devel-windows-x86_64-gcc10-UCRT, r-patched-solaris-x86, r-release-macos-x86_64, r-oldrel-macos-x86_64