Last updated on 2024-04-24 07:57:47 CEST.
Flavor | Version | Tinstall | Tcheck | Ttotal | Status | Flags |
---|---|---|---|---|---|---|
r-devel-linux-x86_64-debian-clang | 0.1.0 | 2.32 | 25.84 | 28.16 | NOTE | |
r-devel-linux-x86_64-debian-gcc | 0.1.0 | 1.69 | 19.81 | 21.50 | NOTE | |
r-devel-linux-x86_64-fedora-clang | 0.1.0 | 36.14 | NOTE | |||
r-devel-linux-x86_64-fedora-gcc | 0.1.0 | 53.49 | NOTE | |||
r-prerel-macos-arm64 | 0.1.0 | 23.00 | NOTE | |||
r-prerel-windows-x86_64 | 0.1.0 | 3.00 | 40.00 | 43.00 | NOTE | |
r-patched-linux-x86_64 | 0.1.0 | 1.42 | 24.89 | 26.31 | NOTE | |
r-release-linux-x86_64 | 0.1.0 | 2.02 | 23.62 | 25.64 | NOTE | |
r-release-macos-arm64 | 0.1.0 | 23.00 | NOTE | |||
r-release-macos-x86_64 | 0.1.0 | 34.00 | NOTE | |||
r-release-windows-x86_64 | 0.1.0 | 3.00 | 39.00 | 42.00 | NOTE | |
r-oldrel-macos-arm64 | 0.1.0 | 22.00 | NOTE | |||
r-oldrel-windows-x86_64 | 0.1.0 | 3.00 | 46.00 | 49.00 | NOTE |
Version: 0.1.0
Check: LazyData
Result: NOTE
'LazyData' is specified without a 'data' directory
Flavors: r-devel-linux-x86_64-debian-clang, r-devel-linux-x86_64-debian-gcc, r-devel-linux-x86_64-fedora-clang, r-devel-linux-x86_64-fedora-gcc, r-prerel-macos-arm64, r-prerel-windows-x86_64, r-patched-linux-x86_64, r-release-linux-x86_64, r-release-macos-arm64, r-release-macos-x86_64, r-release-windows-x86_64, r-oldrel-macos-arm64, r-oldrel-windows-x86_64