Last updated on 2024-03-12 07:50:00 CET.
Flavor | Version | Tinstall | Tcheck | Ttotal | Status | Flags |
---|---|---|---|---|---|---|
r-devel-linux-x86_64-debian-clang | 10.7 | 74.23 | 288.46 | 362.69 | NOTE | |
r-devel-linux-x86_64-debian-gcc | 10.7 | 58.95 | 223.76 | 282.71 | NOTE | |
r-devel-linux-x86_64-fedora-clang | 10.7 | 487.85 | NOTE | |||
r-devel-linux-x86_64-fedora-gcc | 10.7 | 499.04 | NOTE | |||
r-devel-windows-x86_64 | 10.7 | 66.00 | 250.00 | 316.00 | NOTE | |
r-patched-linux-x86_64 | 10.6 | 60.97 | 311.83 | 372.80 | NOTE | |
r-release-linux-x86_64 | 10.7 | 63.71 | 285.09 | 348.80 | NOTE | |
r-release-macos-arm64 | 10.7 | 127.00 | NOTE | |||
r-release-macos-x86_64 | 10.7 | 223.00 | NOTE | |||
r-release-windows-x86_64 | 10.7 | 86.00 | 307.00 | 393.00 | NOTE | |
r-oldrel-macos-arm64 | 10.7 | 122.00 | NOTE | |||
r-oldrel-windows-x86_64 | 10.7 | 58.00 | 320.00 | 378.00 | NOTE |
Version: 10.7
Check: for GNU extensions in Makefiles
Result: NOTE
GNU make is a SystemRequirements.
Flavors: r-devel-linux-x86_64-debian-clang, r-devel-linux-x86_64-debian-gcc, r-devel-linux-x86_64-fedora-clang, r-devel-linux-x86_64-fedora-gcc, r-devel-windows-x86_64, r-release-linux-x86_64, r-release-macos-arm64, r-release-macos-x86_64, r-release-windows-x86_64, r-oldrel-macos-arm64, r-oldrel-windows-x86_64
Version: 10.6
Check: for GNU extensions in Makefiles
Result: NOTE
GNU make is a SystemRequirements.
Flavor: r-patched-linux-x86_64