Last updated on 2024-04-25 08:00:00 CEST.
Flavor | Version | Tinstall | Tcheck | Ttotal | Status | Flags |
---|---|---|---|---|---|---|
r-devel-linux-x86_64-debian-clang | 0.1 | 2.35 | 24.27 | 26.62 | NOTE | |
r-devel-linux-x86_64-debian-gcc | 0.1 | 2.01 | 18.55 | 20.56 | NOTE | |
r-devel-linux-x86_64-fedora-clang | 0.1 | 33.41 | NOTE | |||
r-devel-linux-x86_64-fedora-gcc | 0.1 | 33.20 | NOTE | |||
r-devel-windows-x86_64 | 0.1 | 3.00 | 39.00 | 42.00 | NOTE | |
r-patched-linux-x86_64 | 0.1 | 3.38 | 22.78 | 26.16 | NOTE | |
r-release-linux-x86_64 | 0.1 | 2.68 | 23.83 | 26.51 | NOTE | |
r-release-macos-arm64 | 0.1 | 14.00 | NOTE | |||
r-release-windows-x86_64 | 0.1 | 3.00 | 39.00 | 42.00 | NOTE | |
r-oldrel-macos-arm64 | 0.1 | 18.00 | NOTE | |||
r-oldrel-macos-x86_64 | 0.1 | 19.00 | NOTE | |||
r-oldrel-windows-x86_64 | 0.1 | 5.00 | 39.00 | 44.00 | NOTE |
Version: 0.1
Check: Rd files
Result: NOTE
checkRd: (-1) mle_parameters.Rd:36: Lost braces in \itemize; meant \describe ?
checkRd: (-1) mle_parameters.Rd:37: Lost braces in \itemize; meant \describe ?
checkRd: (-1) mle_parameters.Rd:38: Lost braces in \itemize; meant \describe ?
checkRd: (-1) mle_parameters.Rd:39: Lost braces in \itemize; meant \describe ?
checkRd: (-1) mle_parameters.Rd:40: Lost braces in \itemize; meant \describe ?
checkRd: (-1) mle_parameters.Rd:41: Lost braces in \itemize; meant \describe ?
checkRd: (-1) mle_parameters.Rd:42: Lost braces in \itemize; meant \describe ?
Flavors: r-devel-linux-x86_64-debian-clang, r-devel-linux-x86_64-debian-gcc, r-devel-linux-x86_64-fedora-clang, r-devel-linux-x86_64-fedora-gcc, r-devel-windows-x86_64, r-patched-linux-x86_64, r-release-macos-arm64, r-release-windows-x86_64
Version: 0.1
Check: LazyData
Result: NOTE
'LazyData' is specified without a 'data' directory
Flavors: r-devel-linux-x86_64-debian-clang, r-devel-linux-x86_64-debian-gcc, r-devel-linux-x86_64-fedora-clang, r-devel-linux-x86_64-fedora-gcc, r-devel-windows-x86_64, r-patched-linux-x86_64, r-release-linux-x86_64, r-release-macos-arm64, r-release-windows-x86_64, r-oldrel-macos-arm64, r-oldrel-macos-x86_64, r-oldrel-windows-x86_64