Last updated on 2024-03-12 07:50:00 CET.
Flavor | Version | Tinstall | Tcheck | Ttotal | Status | Flags |
---|---|---|---|---|---|---|
r-devel-linux-x86_64-debian-clang | 1.2.1 | 173.86 | 53.00 | 226.86 | NOTE | |
r-devel-linux-x86_64-debian-gcc | 1.2.1 | 124.66 | 41.33 | 165.99 | NOTE | |
r-devel-linux-x86_64-fedora-clang | 1.2.1 | 357.51 | NOTE | |||
r-devel-linux-x86_64-fedora-gcc | 1.2.1 | 321.51 | NOTE | |||
r-devel-windows-x86_64 | 1.2.1 | 132.00 | 108.00 | 240.00 | NOTE | |
r-patched-linux-x86_64 | 1.2.1 | 148.91 | 52.82 | 201.73 | NOTE | |
r-release-linux-x86_64 | 1.2.1 | 151.68 | 52.67 | 204.35 | NOTE | |
r-release-macos-arm64 | 1.2.1 | 78.00 | NOTE | |||
r-release-macos-x86_64 | 1.2.1 | 128.00 | NOTE | |||
r-release-windows-x86_64 | 1.2.1 | 164.00 | 95.00 | 259.00 | NOTE | |
r-oldrel-macos-arm64 | 1.2.1 | 72.00 | NOTE | |||
r-oldrel-windows-x86_64 | 1.2.1 | 160.00 | 94.00 | 254.00 | NOTE |
Version: 1.2.1
Check: C++ specification
Result: NOTE
Specified C++11: please drop specification unless essential
Flavors: r-devel-linux-x86_64-debian-clang, r-devel-linux-x86_64-debian-gcc, r-devel-linux-x86_64-fedora-clang, r-devel-linux-x86_64-fedora-gcc, r-devel-windows-x86_64, r-patched-linux-x86_64, r-release-linux-x86_64, r-release-macos-arm64, r-release-macos-x86_64, r-release-windows-x86_64
Version: 1.2.1
Check: LazyData
Result: NOTE
'LazyData' is specified without a 'data' directory
Flavors: r-devel-linux-x86_64-debian-clang, r-devel-linux-x86_64-debian-gcc, r-devel-linux-x86_64-fedora-clang, r-devel-linux-x86_64-fedora-gcc, r-devel-windows-x86_64, r-patched-linux-x86_64, r-release-linux-x86_64, r-release-macos-arm64, r-release-macos-x86_64, r-release-windows-x86_64, r-oldrel-macos-arm64, r-oldrel-windows-x86_64
Version: 1.2.1
Check: for GNU extensions in Makefiles
Result: NOTE
GNU make is a SystemRequirements.
Flavors: r-devel-linux-x86_64-debian-clang, r-devel-linux-x86_64-debian-gcc, r-devel-linux-x86_64-fedora-clang, r-devel-linux-x86_64-fedora-gcc, r-devel-windows-x86_64, r-patched-linux-x86_64, r-release-linux-x86_64, r-release-macos-arm64, r-release-macos-x86_64, r-release-windows-x86_64, r-oldrel-macos-arm64, r-oldrel-windows-x86_64