Last updated on 2024-03-12 07:50:00 CET.
Flavor | Version | Tinstall | Tcheck | Ttotal | Status | Flags |
---|---|---|---|---|---|---|
r-devel-linux-x86_64-debian-clang | 1.0.10 | 3.70 | 76.39 | 80.09 | NOTE | |
r-devel-linux-x86_64-debian-gcc | 1.0.10 | 2.55 | 56.27 | 58.82 | NOTE | |
r-devel-linux-x86_64-fedora-clang | 1.0.10 | 99.94 | NOTE | |||
r-devel-linux-x86_64-fedora-gcc | 1.0.10 | 101.82 | NOTE | |||
r-devel-windows-x86_64 | 1.0.10 | 5.00 | 86.00 | 91.00 | NOTE | |
r-patched-linux-x86_64 | 1.0.10 | 3.35 | 69.72 | 73.07 | OK | |
r-release-linux-x86_64 | 1.0.10 | 2.89 | 69.97 | 72.86 | OK | |
r-release-macos-arm64 | 1.0.10 | 49.00 | OK | |||
r-release-macos-x86_64 | 1.0.10 | 72.00 | OK | |||
r-release-windows-x86_64 | 1.0.10 | 4.00 | 87.00 | 91.00 | OK | |
r-oldrel-macos-arm64 | 1.0.10 | 43.00 | OK | |||
r-oldrel-windows-x86_64 | 1.0.10 | 5.00 | 99.00 | 104.00 | OK |
Version: 1.0.10
Check: Rd files
Result: NOTE
checkRd: (-1) 03-MixOf3Beta-class.Rd:35: Lost braces; missing escapes or markup?
35 | parameters \code{L} and {M} (in that order).}
| ^
Flavors: r-devel-linux-x86_64-debian-clang, r-devel-linux-x86_64-debian-gcc, r-devel-linux-x86_64-fedora-clang, r-devel-linux-x86_64-fedora-gcc, r-devel-windows-x86_64