CRAN Package Check Results for Package OBsMD

Last updated on 2024-05-22 08:59:36 CEST.

Flavor Version Tinstall Tcheck Ttotal Status Flags
r-devel-linux-x86_64-debian-clang 11.1 13.87 31.76 45.63 OK
r-devel-linux-x86_64-debian-gcc 11.1 6.92 23.51 30.43 WARN
r-devel-linux-x86_64-fedora-clang 11.1 56.55 OK
r-devel-linux-x86_64-fedora-gcc 11.1 51.09 WARN
r-devel-windows-x86_64 11.1 10.00 48.00 58.00 WARN
r-patched-linux-x86_64 11.1 8.55 30.44 38.99 WARN
r-release-linux-x86_64 11.1 7.68 30.42 38.10 OK
r-release-macos-arm64 11.1 19.00 OK
r-release-windows-x86_64 11.1 11.00 46.00 57.00 OK
r-oldrel-macos-arm64 11.1 21.00 OK
r-oldrel-macos-x86_64 11.1 49.00 OK
r-oldrel-windows-x86_64 11.1 18.00 47.00 65.00 OK

Additional issues

gcc12

Check Details

Version: 11.1
Check: whether package can be installed
Result: WARN Found the following significant warnings: Warning: Fortran 2018 deleted feature: Shared DO termination label 210 at (1) Warning: Fortran 2018 deleted feature: Shared DO termination label 240 at (1) Warning: Fortran 2018 deleted feature: Shared DO termination label 270 at (1) Warning: Fortran 2018 deleted feature: Shared DO termination label 280 at (1) Warning: Fortran 2018 deleted feature: Shared DO termination label 320 at (1) Warning: Fortran 2018 deleted feature: Shared DO termination label 271 at (1) Warning: Fortran 2018 deleted feature: Shared DO termination label 8 at (1) Warning: Fortran 2018 deleted feature: Shared DO termination label 110 at (1) Warning: Fortran 2018 deleted feature: Shared DO termination label 215 at (1) See ‘/home/hornik/tmp/R.check/r-devel-gcc/Work/PKGS/OBsMD.Rcheck/00install.out’ for details. * used C compiler: ‘gcc-13 (Debian 13.2.0-25) 13.2.0’ * used Fortran compiler: ‘GNU Fortran (Debian 13.2.0-25) 13.2.0’ Flavor: r-devel-linux-x86_64-debian-gcc

Version: 11.1
Check: whether package can be installed
Result: WARN Found the following significant warnings: Warning: Fortran 2018 deleted feature: Shared DO termination label 210 at (1) Warning: Fortran 2018 deleted feature: Shared DO termination label 240 at (1) Warning: Fortran 2018 deleted feature: Shared DO termination label 270 at (1) Warning: Fortran 2018 deleted feature: Shared DO termination label 280 at (1) Warning: Fortran 2018 deleted feature: Shared DO termination label 320 at (1) Warning: Fortran 2018 deleted feature: Shared DO termination label 271 at (1) Warning: Fortran 2018 deleted feature: Shared DO termination label 8 at (1) Warning: Fortran 2018 deleted feature: Shared DO termination label 110 at (1) Warning: Fortran 2018 deleted feature: Shared DO termination label 215 at (1) See ‘/data/gannet/ripley/R/packages/tests-devel/OBsMD.Rcheck/00install.out’ for details. * used C compiler: ‘gcc-14 (GCC) 14.1.0’ * used Fortran compiler: ‘GNU Fortran (GCC) 14.1.0’ Flavor: r-devel-linux-x86_64-fedora-gcc

Version: 11.1
Check: whether package can be installed
Result: WARN Found the following significant warnings: Warning: Fortran 2018 deleted feature: Shared DO termination label 210 at (1) Warning: Fortran 2018 deleted feature: Shared DO termination label 240 at (1) Warning: Fortran 2018 deleted feature: Shared DO termination label 270 at (1) Warning: Fortran 2018 deleted feature: Shared DO termination label 280 at (1) Warning: Fortran 2018 deleted feature: Shared DO termination label 320 at (1) Warning: Fortran 2018 deleted feature: Shared DO termination label 271 at (1) Warning: Fortran 2018 deleted feature: Shared DO termination label 8 at (1) Warning: Fortran 2018 deleted feature: Shared DO termination label 110 at (1) Warning: Fortran 2018 deleted feature: Shared DO termination label 215 at (1) See 'd:/Rcompile/CRANpkg/local/4.5/OBsMD.Rcheck/00install.out' for details. * used C compiler: 'gcc.exe (GCC) 13.2.0' * used Fortran compiler: 'GNU Fortran (GCC) 13.2.0' Flavor: r-devel-windows-x86_64

Version: 11.1
Check: whether package can be installed
Result: WARN Found the following significant warnings: Warning: Fortran 2018 deleted feature: Shared DO termination label 210 at (1) Warning: Fortran 2018 deleted feature: Shared DO termination label 240 at (1) Warning: Fortran 2018 deleted feature: Shared DO termination label 270 at (1) Warning: Fortran 2018 deleted feature: Shared DO termination label 280 at (1) Warning: Fortran 2018 deleted feature: Shared DO termination label 320 at (1) Warning: Fortran 2018 deleted feature: Shared DO termination label 271 at (1) Warning: Fortran 2018 deleted feature: Shared DO termination label 8 at (1) Warning: Fortran 2018 deleted feature: Shared DO termination label 110 at (1) Warning: Fortran 2018 deleted feature: Shared DO termination label 215 at (1) See ‘/home/hornik/tmp/R.check/r-patched-gcc/Work/PKGS/OBsMD.Rcheck/00install.out’ for details. * used C compiler: ‘gcc-13 (Debian 13.2.0-24) 13.2.0’ * used Fortran compiler: ‘GNU Fortran (Debian 13.2.0-24) 13.2.0’ Flavor: r-patched-linux-x86_64