Last updated on 2024-03-12 07:50:00 CET.
Flavor | Version | Tinstall | Tcheck | Ttotal | Status | Flags |
---|---|---|---|---|---|---|
r-devel-linux-x86_64-debian-clang | 1.0.0 | 3.22 | 386.68 | 389.90 | NOTE | |
r-devel-linux-x86_64-debian-gcc | 1.0.0 | 2.83 | 286.92 | 289.75 | NOTE | |
r-devel-linux-x86_64-fedora-clang | 1.0.0 | 457.96 | NOTE | |||
r-devel-linux-x86_64-fedora-gcc | 1.0.0 | 500.63 | NOTE | |||
r-devel-windows-x86_64 | 1.0.0 | 5.00 | 261.00 | 266.00 | NOTE | |
r-patched-linux-x86_64 | 1.0.0 | 2.57 | 383.74 | 386.31 | NOTE | |
r-release-linux-x86_64 | 1.0.0 | 2.62 | 371.96 | 374.58 | NOTE | |
r-release-macos-arm64 | 1.0.0 | 124.00 | NOTE | |||
r-release-macos-x86_64 | 1.0.0 | 223.00 | NOTE | |||
r-release-windows-x86_64 | 1.0.0 | 6.00 | 350.00 | 356.00 | NOTE | |
r-oldrel-macos-arm64 | 1.0.0 | 97.00 | NOTE | |||
r-oldrel-windows-x86_64 | 1.0.0 | 6.00 | 354.00 | 360.00 | NOTE |
Version: 1.0.0
Check: LazyData
Result: NOTE
'LazyData' is specified without a 'data' directory
Flavors: r-devel-linux-x86_64-debian-clang, r-devel-linux-x86_64-debian-gcc, r-devel-linux-x86_64-fedora-clang, r-devel-linux-x86_64-fedora-gcc, r-devel-windows-x86_64, r-patched-linux-x86_64, r-release-linux-x86_64, r-release-macos-arm64, r-release-macos-x86_64, r-release-windows-x86_64, r-oldrel-macos-arm64, r-oldrel-windows-x86_64