Last updated on 2024-04-19 08:54:49 CEST.
Flavor | Version | Tinstall | Tcheck | Ttotal | Status | Flags |
---|---|---|---|---|---|---|
r-devel-linux-x86_64-debian-clang | 1.0 | 6.22 | 56.52 | 62.74 | NOTE | |
r-devel-linux-x86_64-debian-gcc | 1.0 | NOTE | ||||
r-devel-linux-x86_64-fedora-clang | 1.0 | 81.52 | NOTE | |||
r-devel-linux-x86_64-fedora-gcc | 1.0 | 84.08 | NOTE | |||
r-prerel-macos-arm64 | 1.0 | 27.00 | NOTE | |||
r-prerel-windows-x86_64 | 1.0 | 9.00 | 64.00 | 73.00 | NOTE | |
r-patched-linux-x86_64 | 1.0 | 8.80 | 53.63 | 62.43 | NOTE | |
r-release-linux-x86_64 | 1.0 | 8.41 | 55.53 | 63.94 | NOTE | |
r-release-macos-arm64 | 1.0 | 19.00 | NOTE | |||
r-release-macos-x86_64 | 1.0 | 24.00 | NOTE | |||
r-release-windows-x86_64 | 1.0 | 11.00 | 70.00 | 81.00 | NOTE | |
r-oldrel-macos-arm64 | 1.0 | 17.00 | NOTE | |||
r-oldrel-windows-x86_64 | 1.0 | 11.00 | 72.00 | 83.00 | NOTE |
Version: 1.0
Check: LazyData
Result: NOTE
'LazyData' is specified without a 'data' directory
Flavors: r-devel-linux-x86_64-debian-clang, r-devel-linux-x86_64-debian-gcc, r-devel-linux-x86_64-fedora-clang, r-devel-linux-x86_64-fedora-gcc, r-prerel-macos-arm64, r-prerel-windows-x86_64, r-patched-linux-x86_64, r-release-linux-x86_64, r-release-macos-arm64, r-release-macos-x86_64, r-release-windows-x86_64, r-oldrel-macos-arm64, r-oldrel-windows-x86_64