CRAN Package Check Results for Package OasisR

Last updated on 2021-04-11 08:48:53 CEST.

Flavor Version Tinstall Tcheck Ttotal Status Flags
r-devel-linux-x86_64-debian-clang 3.0.2 10.63 137.12 147.75 OK
r-devel-linux-x86_64-debian-gcc 3.0.2 8.74 106.63 115.37 OK
r-devel-linux-x86_64-fedora-clang 3.0.2 181.39 OK
r-devel-linux-x86_64-fedora-gcc 3.0.2 183.10 OK
r-devel-windows-ix86+x86_64 3.0.2 12.00 137.00 149.00 OK
r-devel-windows-x86_64-gcc10-UCRT 3.0.2 OK
r-patched-linux-x86_64 3.0.2 9.98 132.57 142.55 OK
r-patched-solaris-x86 3.0.2 255.80 OK
r-release-linux-x86_64 3.0.2 9.92 131.86 141.78 OK
r-release-macos-x86_64 3.0.2 OK
r-release-windows-ix86+x86_64 3.0.2 2.00 7.00 9.00 ERROR
r-oldrel-macos-x86_64 3.0.2 ERROR

Check Details

Version: 3.0.2
Check: whether package can be installed
Result: ERROR
    Installation failed.
Flavor: r-release-windows-ix86+x86_64

Version: 3.0.2
Check: package dependencies
Result: ERROR
    Package required and available but unsuitable version: ‘methods’
    
    See section ‘The DESCRIPTION file’ in the ‘Writing R Extensions’
    manual.
Flavor: r-oldrel-macos-x86_64