Last updated on 2024-03-12 07:50:00 CET.
Flavor | Version | Tinstall | Tcheck | Ttotal | Status | Flags |
---|---|---|---|---|---|---|
r-devel-linux-x86_64-debian-clang | 1.0.7 | 14.28 | 117.00 | 131.28 | WARN | |
r-devel-linux-x86_64-debian-gcc | 1.0.7 | 9.98 | 90.86 | 100.84 | OK | |
r-devel-linux-x86_64-fedora-clang | 1.0.7 | 165.31 | OK | |||
r-devel-linux-x86_64-fedora-gcc | 1.0.7 | 175.80 | OK | |||
r-devel-windows-x86_64 | 1.0.7 | 12.00 | 151.00 | 163.00 | OK | |
r-patched-linux-x86_64 | 1.0.7 | 14.41 | 110.71 | 125.12 | OK | |
r-release-linux-x86_64 | 1.0.7 | 7.52 | 109.58 | 117.10 | OK | |
r-release-macos-arm64 | 1.0.7 | 100.00 | OK | |||
r-release-macos-x86_64 | 1.0.7 | 128.00 | OK | |||
r-release-windows-x86_64 | 1.0.7 | 15.00 | 142.00 | 157.00 | OK | |
r-oldrel-macos-arm64 | 1.0.7 | 127.00 | OK | |||
r-oldrel-windows-x86_64 | 1.0.7 | 13.00 | 151.00 | 164.00 | OK |
Version: 1.0.7
Check: whether package can be installed
Result: WARN
Found the following significant warnings:
flang-new: warning: argument unused during compilation: '-Wall' [-Wunused-command-line-argument]
See ‘/home/hornik/tmp/R.check/r-devel-clang/Work/PKGS/OceanView.Rcheck/00install.out’ for details.
* used C compiler: ‘Debian clang version 18.1.0 (rc4-1)’
* used Fortran compiler: ‘Debian flang-new version 18.1.0 (rc4-1)’
Flavor: r-devel-linux-x86_64-debian-clang