Last updated on 2024-03-12 07:50:00 CET.
Flavor | Version | Tinstall | Tcheck | Ttotal | Status | Flags |
---|---|---|---|---|---|---|
r-devel-linux-x86_64-debian-clang | 0.8-9 | 266.40 | 350.22 | 616.62 | NOTE | |
r-devel-linux-x86_64-debian-gcc | 0.8-9 | 220.36 | 278.39 | 498.75 | NOTE | |
r-devel-linux-x86_64-fedora-clang | 0.8-9 | 764.90 | NOTE | |||
r-devel-linux-x86_64-fedora-gcc | 0.8-9 | 870.71 | NOTE | |||
r-devel-windows-x86_64 | 0.8-9 | 199.00 | 288.00 | 487.00 | NOTE | |
r-patched-linux-x86_64 | 0.8-9 | 196.87 | 354.62 | 551.49 | NOTE | |
r-release-linux-x86_64 | 0.8-9 | 199.49 | 364.87 | 564.36 | NOTE | |
r-release-macos-arm64 | 0.8-9 | 149.00 | NOTE | |||
r-release-macos-x86_64 | 0.8-9 | 400.00 | NOTE | |||
r-release-windows-x86_64 | 0.8-9 | 262.00 | 377.00 | 639.00 | NOTE | |
r-oldrel-macos-arm64 | 0.8-9 | 160.00 | NOTE | |||
r-oldrel-windows-x86_64 | 0.8-9 | 246.00 | 364.00 | 610.00 | NOTE |
Version: 0.8-9
Check: package dependencies
Result: NOTE
Package suggested but not available for checking: ‘cmdstanr’
Flavors: r-devel-linux-x86_64-debian-clang, r-devel-linux-x86_64-debian-gcc, r-devel-linux-x86_64-fedora-clang, r-devel-linux-x86_64-fedora-gcc, r-devel-windows-x86_64, r-patched-linux-x86_64, r-release-linux-x86_64, r-release-macos-arm64, r-release-macos-x86_64, r-release-windows-x86_64, r-oldrel-macos-arm64, r-oldrel-windows-x86_64
Version: 0.8-9
Check: Rd files
Result: NOTE
checkRd: (-1) summary.blrm_trial.Rd:20: Lost braces in \itemize; meant \describe ?
checkRd: (-1) summary.blrm_trial.Rd:21: Lost braces in \itemize; meant \describe ?
checkRd: (-1) summary.blrm_trial.Rd:22: Lost braces in \itemize; meant \describe ?
checkRd: (-1) summary.blrm_trial.Rd:23: Lost braces in \itemize; meant \describe ?
checkRd: (-1) summary.blrm_trial.Rd:24: Lost braces in \itemize; meant \describe ?
checkRd: (-1) summary.blrm_trial.Rd:25: Lost braces in \itemize; meant \describe ?
checkRd: (-1) summary.blrm_trial.Rd:26: Lost braces in \itemize; meant \describe ?
checkRd: (-1) summary.blrm_trial.Rd:27: Lost braces in \itemize; meant \describe ?
checkRd: (-1) summary.blrm_trial.Rd:28-29: Lost braces in \itemize; meant \describe ?
checkRd: (-1) summary.blrm_trial.Rd:30: Lost braces in \itemize; meant \describe ?
checkRd: (-1) summary.blrm_trial.Rd:31-33: Lost braces in \itemize; meant \describe ?
checkRd: (-1) summary.blrm_trial.Rd:34: Lost braces in \itemize; meant \describe ?
Flavors: r-devel-linux-x86_64-debian-clang, r-devel-linux-x86_64-debian-gcc, r-devel-linux-x86_64-fedora-clang, r-devel-linux-x86_64-fedora-gcc, r-devel-windows-x86_64
Version: 0.8-9
Check: for GNU extensions in Makefiles
Result: NOTE
GNU make is a SystemRequirements.
Flavors: r-devel-linux-x86_64-debian-clang, r-devel-linux-x86_64-debian-gcc, r-devel-linux-x86_64-fedora-clang, r-devel-linux-x86_64-fedora-gcc, r-devel-windows-x86_64, r-patched-linux-x86_64, r-release-linux-x86_64, r-release-macos-arm64, r-release-macos-x86_64, r-release-windows-x86_64, r-oldrel-macos-arm64, r-oldrel-windows-x86_64
Version: 0.8-9
Check: installed package size
Result: NOTE
installed size is 5.3Mb
sub-directories of 1Mb or more:
libs 3.3Mb
Flavors: r-devel-linux-x86_64-fedora-clang, r-release-macos-arm64, r-release-macos-x86_64, r-oldrel-macos-arm64