CRAN Package Check Results for Package OncoBayes2

Last updated on 2021-08-01 08:52:44 CEST.

Flavor Version Tinstall Tcheck Ttotal Status Flags
r-devel-linux-x86_64-debian-clang 0.7-0 169.41 225.42 394.83 NOTE
r-devel-linux-x86_64-debian-gcc 0.7-0 136.89 174.03 310.92 NOTE
r-devel-linux-x86_64-fedora-clang 0.7-0 519.76 NOTE
r-devel-linux-x86_64-fedora-gcc 0.7-0 518.63 NOTE
r-devel-windows-x86_64 0.7-0 159.00 310.00 469.00 NOTE
r-devel-windows-x86_64-gcc10-UCRT 0.7-0 WARN
r-patched-linux-x86_64 0.7-0 NOTE
r-patched-solaris-x86 0.7-0 548.90 NOTE
r-release-linux-x86_64 0.7-0 154.45 219.68 374.13 NOTE
r-release-macos-arm64 0.7-0 WARN
r-release-macos-x86_64 0.7-0 NOTE
r-release-windows-ix86+x86_64 0.7-0 344.00 447.00 791.00 NOTE
r-oldrel-macos-x86_64 0.7-0 NOTE
r-oldrel-windows-ix86+x86_64 0.7-0 305.00 467.00 772.00 NOTE

Check Details

Version: 0.7-0
Check: for GNU extensions in Makefiles
Result: NOTE
    GNU make is a SystemRequirements.
Flavors: r-devel-linux-x86_64-debian-clang, r-devel-linux-x86_64-debian-gcc, r-devel-linux-x86_64-fedora-clang, r-devel-linux-x86_64-fedora-gcc, r-devel-windows-x86_64, r-devel-windows-x86_64-gcc10-UCRT, r-patched-linux-x86_64, r-patched-solaris-x86, r-release-linux-x86_64, r-release-macos-arm64, r-release-macos-x86_64, r-release-windows-ix86+x86_64, r-oldrel-macos-x86_64, r-oldrel-windows-ix86+x86_64

Version: 0.7-0
Check: installed package size
Result: NOTE
     installed size is 37.7Mb
     sub-directories of 1Mb or more:
     libs 36.6Mb
Flavors: r-devel-linux-x86_64-fedora-clang, r-release-macos-arm64, r-release-macos-x86_64, r-release-windows-ix86+x86_64, r-oldrel-macos-x86_64, r-oldrel-windows-ix86+x86_64

Version: 0.7-0
Check: line endings in C/C++/Fortran sources/headers
Result: NOTE
    Found the following sources/headers with CR or CRLF line endings:
     src/RcppExports.cpp
     src/stanExports_blrm_exnex.h
    Some Unix compilers require LF line endings.
Flavor: r-devel-windows-x86_64-gcc10-UCRT

Version: 0.7-0
Check: line endings in Makefiles
Result: WARN
    Found the following Makefile(s) with CR or CRLF line endings:
     src/Makevars
    Some Unix 'make' programs require LF line endings.
Flavor: r-devel-windows-x86_64-gcc10-UCRT

Version: 0.7-0
Check: re-building of vignette outputs
Result: WARN
    Error(s) in re-building vignettes:
    --- re-building ‘introduction.Rmd’ using rmarkdown
    Warning in engine$weave(file, quiet = quiet, encoding = enc) :
     Pandoc (>= 1.12.3) not available. Falling back to R Markdown v1.
    
    Attaching package: 'dplyr'
    
    The following objects are masked from 'package:stats':
    
     filter, lag
    
    The following objects are masked from 'package:base':
    
     intersect, setdiff, setequal, union
    
    No stratum defined - assigning all groups to single stratum "all"
    Info: The group(s) IIT have undefined strata. Assigning first stratum all.
    stratum_id not given, but only one stratum defined. Assigning first stratum.
    Info: The group(s) IIT have undefined strata. Assigning first stratum all.
    stratum_id not given, but only one stratum defined. Assigning first stratum.
    Info: The group(s) IIT have undefined strata. Assigning first stratum all.
    stratum_id not given, but only one stratum defined. Assigning first stratum.
    stratum_id not given, but only one stratum defined. Assigning first stratum.
    Info: The group(s) IIT have undefined strata. Assigning first stratum all.
    stratum_id not given, but only one stratum defined. Assigning first stratum.
    stratum_id not given, but only one stratum defined. Assigning first stratum.
    Info: The group(s) IIT have undefined strata. Assigning first stratum all.
    stratum_id not given, but only one stratum defined. Assigning first stratum.
    stratum_id not given, but only one stratum defined. Assigning first stratum.
    Quitting from lines 375-378 (introduction.Rmd)
    Error: processing vignette 'introduction.Rmd' failed with diagnostics:
    polygon edge not found
    --- failed re-building ‘introduction.Rmd’
    
    SUMMARY: processing the following file failed:
     ‘introduction.Rmd’
    
    Error: Vignette re-building failed.
    Execution halted
Flavor: r-release-macos-arm64