Last updated on 2024-04-24 07:57:47 CEST.
Flavor | Version | Tinstall | Tcheck | Ttotal | Status | Flags |
---|---|---|---|---|---|---|
r-devel-linux-x86_64-debian-clang | 1.3.0 | 71.44 | 118.18 | 189.62 | OK | |
r-devel-linux-x86_64-debian-gcc | 1.3.0 | 58.95 | 88.33 | 147.28 | OK | |
r-devel-linux-x86_64-fedora-clang | 1.3.0 | 238.98 | OK | |||
r-devel-linux-x86_64-fedora-gcc | 1.3.0 | 268.83 | OK | |||
r-prerel-macos-arm64 | 1.3.0 | 77.00 | NOTE | |||
r-prerel-windows-x86_64 | 1.3.0 | 55.00 | 144.00 | 199.00 | NOTE | |
r-patched-linux-x86_64 | 1.3.0 | 79.91 | 109.18 | 189.09 | OK | |
r-release-linux-x86_64 | 1.3.0 | 69.09 | 109.10 | 178.19 | OK | |
r-release-macos-arm64 | 1.3.0 | 65.00 | NOTE | |||
r-release-macos-x86_64 | 1.3.0 | 162.00 | NOTE | |||
r-release-windows-x86_64 | 1.3.0 | 69.00 | 178.00 | 247.00 | NOTE | |
r-oldrel-macos-arm64 | 1.3.0 | 63.00 | NOTE | |||
r-oldrel-windows-x86_64 | 1.3.0 | 66.00 | 170.00 | 236.00 | NOTE |
Version: 1.3.0
Check: installed package size
Result: NOTE
installed size is 10.5Mb
sub-directories of 1Mb or more:
doc 2.4Mb
libs 7.1Mb
Flavors: r-prerel-macos-arm64, r-prerel-windows-x86_64, r-release-macos-arm64, r-release-macos-x86_64, r-release-windows-x86_64, r-oldrel-macos-arm64, r-oldrel-windows-x86_64