CRAN Package Check Results for Package OutliersO3

Last updated on 2021-08-01 08:52:45 CEST.

Flavor Version Tinstall Tcheck Ttotal Status Flags
r-devel-linux-x86_64-debian-clang 0.6.3 8.94 175.81 184.75 OK
r-devel-linux-x86_64-debian-gcc 0.6.3 6.18 130.83 137.01 OK
r-devel-linux-x86_64-fedora-clang 0.6.3 218.50 OK
r-devel-linux-x86_64-fedora-gcc 0.6.3 208.03 OK
r-devel-windows-x86_64 0.6.3 24.00 223.00 247.00 OK
r-devel-windows-x86_64-gcc10-UCRT 0.6.3 OK
r-patched-linux-x86_64 0.6.3 OK
r-patched-solaris-x86 0.6.3 302.20 OK
r-release-linux-x86_64 0.6.3 8.27 163.94 172.21 OK
r-release-macos-arm64 0.6.3 WARN
r-release-macos-x86_64 0.6.3 OK
r-release-windows-ix86+x86_64 0.6.3 24.00 208.00 232.00 OK
r-oldrel-macos-x86_64 0.6.3 OK
r-oldrel-windows-ix86+x86_64 0.6.3 24.00 215.00 239.00 OK

Check Details

Version: 0.6.3
Check: re-building of vignette outputs
Result: WARN
    Error(s) in re-building vignettes:
    --- re-building ‘DrawingO3plots.Rmd’ using rmarkdown
    Warning in engine$weave(file, quiet = quiet, encoding = enc) :
     Pandoc (>= 1.12.3) not available. Falling back to R Markdown v1.
    Quitting from lines 25-32 (DrawingO3plots.Rmd)
    Error: processing vignette 'DrawingO3plots.Rmd' failed with diagnostics:
    polygon edge not found
    --- failed re-building ‘DrawingO3plots.Rmd’
    
    --- re-building ‘MultTolLevels.Rmd’ using rmarkdown
    Warning in engine$weave(file, quiet = quiet, encoding = enc) :
     Pandoc (>= 1.12.3) not available. Falling back to R Markdown v1.
    Quitting from lines 24-35 (MultTolLevels.Rmd)
    Error: processing vignette 'MultTolLevels.Rmd' failed with diagnostics:
    polygon edge not found
    --- failed re-building ‘MultTolLevels.Rmd’
    
    --- re-building ‘PCPsO3.Rmd’ using rmarkdown
    Warning in engine$weave(file, quiet = quiet, encoding = enc) :
     Pandoc (>= 1.12.3) not available. Falling back to R Markdown v1.
    Quitting from lines 30-53 (PCPsO3.Rmd)
    Error: processing vignette 'PCPsO3.Rmd' failed with diagnostics:
    polygon edge not found
    --- failed re-building ‘PCPsO3.Rmd’
    
    --- re-building ‘xtraO3methods.Rmd’ using rmarkdown
    Warning in engine$weave(file, quiet = quiet, encoding = enc) :
     Pandoc (>= 1.12.3) not available. Falling back to R Markdown v1.
    --- finished re-building ‘xtraO3methods.Rmd’
    
    SUMMARY: processing the following files failed:
     ‘DrawingO3plots.Rmd’ ‘MultTolLevels.Rmd’ ‘PCPsO3.Rmd’
    
    Error: Vignette re-building failed.
    Execution halted
Flavor: r-release-macos-arm64