CRAN Package Check Results for Package PAMscapes

Last updated on 2024-04-13 08:52:56 CEST.

Flavor Version Tinstall Tcheck Ttotal Status Flags
r-devel-linux-x86_64-debian-clang 0.5.3 17.03 166.79 183.82 NOTE
r-devel-linux-x86_64-debian-gcc 0.5.3 13.68 125.86 139.54 NOTE
r-devel-linux-x86_64-fedora-clang 0.5.3 206.04 NOTE
r-devel-linux-x86_64-fedora-gcc 0.5.3 219.34 NOTE
r-devel-windows-x86_64 0.5.3 13.00 201.00 214.00 NOTE
r-patched-linux-x86_64 0.5.3 12.29 158.63 170.92 NOTE
r-release-linux-x86_64 0.5.3 11.05 150.36 161.41 OK
r-release-macos-arm64 0.5.3 63.00 OK
r-release-macos-x86_64 0.5.3 100.00 OK
r-release-windows-x86_64 0.5.3 19.00 194.00 213.00 OK
r-oldrel-macos-arm64 0.5.3 78.00 OK
r-oldrel-windows-x86_64 0.5.3 20.00 210.00 230.00 OK

Check Details

Version: 0.5.3
Check: Rd files
Result: NOTE checkRd: (-1) checkSoundscapeInput.Rd:40: Lost braces in \itemize; meant \describe ? checkRd: (-1) checkSoundscapeInput.Rd:41-42: Lost braces in \itemize; meant \describe ? checkRd: (-1) checkSoundscapeInput.Rd:43: Lost braces in \itemize; meant \describe ? checkRd: (-1) checkSoundscapeInput.Rd:44: Lost braces in \itemize; meant \describe ? checkRd: (-1) plotPSD.Rd:77: Lost braces in \itemize; meant \describe ? checkRd: (-1) plotPSD.Rd:78-79: Lost braces in \itemize; meant \describe ? checkRd: (-1) plotPSD.Rd:80-81: Lost braces in \itemize; meant \describe ? checkRd: (-1) plotPSD.Rd:82-85: Lost braces in \itemize; meant \describe ? checkRd: (-1) plotPSD.Rd:86-89: Lost braces in \itemize; meant \describe ? Flavors: r-devel-linux-x86_64-debian-clang, r-devel-linux-x86_64-debian-gcc, r-devel-linux-x86_64-fedora-clang, r-devel-linux-x86_64-fedora-gcc, r-devel-windows-x86_64, r-patched-linux-x86_64