Last updated on 2024-07-27 08:49:26 CEST.
Flavor | Version | Tinstall | Tcheck | Ttotal | Status | Flags |
---|---|---|---|---|---|---|
r-devel-linux-x86_64-debian-clang | 0.1.10 | 27.15 | 178.93 | 206.08 | OK | |
r-devel-linux-x86_64-debian-gcc | 0.1.10 | NOTE | ||||
r-devel-linux-x86_64-fedora-clang | 0.1.10 | 294.54 | OK | |||
r-devel-linux-x86_64-fedora-gcc | 0.1.10 | 271.12 | OK | |||
r-devel-windows-x86_64 | 0.1.10 | 28.00 | 162.00 | 190.00 | NOTE | |
r-patched-linux-x86_64 | 0.1.10 | OK | ||||
r-release-linux-x86_64 | 0.1.10 | 19.72 | 176.65 | 196.37 | OK | |
r-release-macos-arm64 | 0.1.10 | 70.00 | OK | |||
r-release-macos-x86_64 | 0.1.10 | 104.00 | OK | |||
r-release-windows-x86_64 | 0.1.10 | 31.00 | 159.00 | 190.00 | OK | |
r-oldrel-macos-arm64 | 0.1.10 | 67.00 | OK | |||
r-oldrel-macos-x86_64 | 0.1.10 | 114.00 | OK | |||
r-oldrel-windows-x86_64 | 0.1.10 | 32.00 | 213.00 | 245.00 | OK |
Version: 0.1.10
Check: Rd cross-references
Result: NOTE
Found the following Rd file(s) with Rd \link{} targets missing package
anchors:
plot.Rd: ggplot2
Please provide package anchors for all Rd \link{} targets not in the
package itself and the base packages.
Flavors: r-devel-linux-x86_64-debian-gcc, r-devel-windows-x86_64