CRAN Package Check Results for Package PGM2

Last updated on 2024-05-22 08:59:37 CEST.

Flavor Version Tinstall Tcheck Ttotal Status Flags
r-devel-linux-x86_64-debian-clang 1.0-1 2.08 21.84 23.92 NOTE
r-devel-linux-x86_64-debian-gcc 1.0-1 1.81 17.00 18.81 NOTE
r-devel-linux-x86_64-fedora-clang 1.0-1 30.12 NOTE
r-devel-linux-x86_64-fedora-gcc 1.0-1 28.82 NOTE
r-devel-windows-x86_64 1.0-1 3.00 40.00 43.00 NOTE
r-patched-linux-x86_64 1.0-1 1.91 21.24 23.15 NOTE
r-release-linux-x86_64 1.0-1 1.66 21.29 22.95 NOTE
r-release-macos-arm64 1.0-1 14.00 NOTE
r-release-windows-x86_64 1.0-1 3.00 39.00 42.00 NOTE
r-oldrel-macos-arm64 1.0-1 14.00 NOTE
r-oldrel-macos-x86_64 1.0-1 20.00 NOTE
r-oldrel-windows-x86_64 1.0-1 3.00 38.00 41.00 NOTE

Check Details

Version: 1.0-1
Check: Rd files
Result: NOTE checkRd: (-1) BIB.Rd:15: Lost braces 15 | \item \code{V }{Number of treatments in the BIBD.} | ^ checkRd: (-1) BIB.Rd:16: Lost braces 16 | \item \code{B }{Number of blocks of the BIBD.} | ^ checkRd: (-1) BIB.Rd:17: Lost braces 17 | \item \code{R }{Repetition of each treatment.} | ^ checkRd: (-1) BIB.Rd:18: Lost braces 18 | \item \code{K }{Size of each block.} | ^ checkRd: (-1) BIB.Rd:19: Lost braces 19 | \item \code{BIB }{The configuration of the BIBD.} | ^ checkRd: (-1) Gen.Rd:17: Lost braces 17 | \item \code{V }{Number of treatments in the BIBD.} | ^ checkRd: (-1) Gen.Rd:18: Lost braces 18 | \item \code{B }{Number of blocks of the BIBD.} | ^ checkRd: (-1) Gen.Rd:19: Lost braces 19 | \item \code{R }{Repetition of each treatment.} | ^ checkRd: (-1) Gen.Rd:20: Lost braces 20 | \item \code{K }{Size of each block.} | ^ checkRd: (-1) Gen.Rd:21: Lost braces 21 | \item \code{BIB }{The configuration of the BIBD.} | ^ checkRd: (-1) Resolvable.Rd:17: Lost braces 17 | \item \code{V }{Number of treatments in the RBIBD.} | ^ checkRd: (-1) Resolvable.Rd:18: Lost braces 18 | \item \code{B }{Number of blocks of the RBIBD.} | ^ checkRd: (-1) Resolvable.Rd:19: Lost braces 19 | \item \code{R }{Repetition of each treatment.} | ^ checkRd: (-1) Resolvable.Rd:20: Lost braces 20 | \item \code{K }{Size of each block.} | ^ checkRd: (-1) Resolvable.Rd:21: Lost braces 21 | \item \code{BIB }{The configuration of the RBIBD.} | ^ checkRd: (-1) Uniform.Rd:15: Lost braces 15 | \item \code{n }{Number of experiments.} | ^ checkRd: (-1) Uniform.Rd:16: Lost braces 16 | \item \code{F }{The dimension of the design.} | ^ checkRd: (-1) Uniform.Rd:17: Lost braces 17 | \item \code{UD }{The configuration of the uniform design.} | ^ Flavors: r-devel-linux-x86_64-debian-clang, r-devel-linux-x86_64-debian-gcc, r-devel-linux-x86_64-fedora-clang, r-devel-linux-x86_64-fedora-gcc, r-devel-windows-x86_64, r-patched-linux-x86_64, r-release-linux-x86_64, r-release-macos-arm64, r-release-windows-x86_64

Version: 1.0-1
Check: LazyData
Result: NOTE 'LazyData' is specified without a 'data' directory Flavors: r-devel-linux-x86_64-debian-clang, r-devel-linux-x86_64-debian-gcc, r-devel-linux-x86_64-fedora-clang, r-devel-linux-x86_64-fedora-gcc, r-devel-windows-x86_64, r-patched-linux-x86_64, r-release-linux-x86_64, r-release-macos-arm64, r-release-windows-x86_64, r-oldrel-macos-arm64, r-oldrel-macos-x86_64, r-oldrel-windows-x86_64