Last updated on 2024-08-31 08:48:19 CEST.
Flavor | Version | Tinstall | Tcheck | Ttotal | Status | Flags |
---|---|---|---|---|---|---|
r-devel-linux-x86_64-debian-clang | 0.2.0 | 21.09 | 52.51 | 73.60 | NOTE | |
r-devel-linux-x86_64-debian-gcc | 0.2.0 | 15.44 | 36.29 | 51.73 | NOTE | |
r-devel-linux-x86_64-fedora-clang | 0.2.0 | 130.39 | NOTE | |||
r-devel-linux-x86_64-fedora-gcc | 0.2.0 | 138.57 | NOTE | |||
r-devel-windows-x86_64 | 0.2.0 | 24.00 | 91.00 | 115.00 | NOTE | |
r-patched-linux-x86_64 | 0.2.0 | 18.38 | 48.24 | 66.62 | NOTE | |
r-release-linux-x86_64 | 0.2.0 | 21.47 | 48.45 | 69.92 | NOTE | |
r-release-macos-arm64 | 0.2.0 | 47.00 | NOTE | |||
r-release-macos-x86_64 | 0.2.0 | 61.00 | NOTE | |||
r-release-windows-x86_64 | 0.2.0 | 28.00 | 96.00 | 124.00 | NOTE | |
r-oldrel-macos-arm64 | 0.2.0 | 54.00 | NOTE | |||
r-oldrel-macos-x86_64 | 0.2.0 | 75.00 | NOTE | |||
r-oldrel-windows-x86_64 | 0.2.0 | 29.00 | 106.00 | 135.00 | NOTE |
Version: 0.2.0
Check: C++ specification
Result: NOTE
Specified C++11: please drop specification unless essential
Flavors: r-devel-linux-x86_64-debian-clang, r-devel-linux-x86_64-debian-gcc, r-devel-linux-x86_64-fedora-clang, r-devel-linux-x86_64-fedora-gcc, r-devel-windows-x86_64, r-patched-linux-x86_64, r-release-linux-x86_64, r-release-macos-arm64, r-release-macos-x86_64, r-release-windows-x86_64, r-oldrel-macos-arm64, r-oldrel-macos-x86_64, r-oldrel-windows-x86_64