Last updated on 2024-03-12 07:50:03 CET.
Flavor | Version | Tinstall | Tcheck | Ttotal | Status | Flags |
---|---|---|---|---|---|---|
r-devel-linux-x86_64-debian-clang | 1.1.4 | 237.70 | 40.82 | 278.52 | OK | |
r-devel-linux-x86_64-debian-gcc | 1.1.4 | 180.36 | 31.15 | 211.51 | OK | |
r-devel-linux-x86_64-fedora-clang | 1.1.4 | 399.24 | OK | |||
r-devel-linux-x86_64-fedora-gcc | 1.1.4 | 408.81 | OK | |||
r-devel-windows-x86_64 | 1.1.4 | 169.00 | 82.00 | 251.00 | OK | |
r-patched-linux-x86_64 | 1.1.4 | 226.80 | 39.72 | 266.52 | OK | |
r-release-linux-x86_64 | 1.1.4 | 241.73 | 39.96 | 281.69 | OK | |
r-release-macos-arm64 | 1.1.4 | 75.00 | NOTE | |||
r-release-macos-x86_64 | 1.1.4 | 83.00 | NOTE | |||
r-release-windows-x86_64 | 1.1.4 | 218.00 | 87.00 | 305.00 | OK | |
r-oldrel-macos-arm64 | 1.1.4 | 76.00 | NOTE | |||
r-oldrel-windows-x86_64 | 1.1.4 | 215.00 | 87.00 | 302.00 | OK |
Version: 1.1.4
Check: installed package size
Result: NOTE
installed size is 13.0Mb
sub-directories of 1Mb or more:
libs 12.8Mb
Flavors: r-release-macos-arm64, r-release-macos-x86_64, r-oldrel-macos-arm64