Last updated on 2023-02-09 07:56:58 CET.
Flavor | Version | Tinstall | Tcheck | Ttotal | Status | Flags |
---|---|---|---|---|---|---|
r-devel-linux-x86_64-debian-clang | 1.1.1 | 228.31 | 39.11 | 267.42 | OK | |
r-devel-linux-x86_64-debian-gcc | 1.1.1 | 176.08 | 30.92 | 207.00 | OK | |
r-devel-linux-x86_64-fedora-clang | 1.1.1 | 377.60 | NOTE | |||
r-devel-linux-x86_64-fedora-gcc | 1.1.1 | 353.74 | NOTE | |||
r-devel-windows-x86_64 | 1.1.1 | 164.00 | 96.00 | 260.00 | OK | |
r-patched-linux-x86_64 | 1.1.1 | 190.30 | 40.48 | 230.78 | OK | |
r-release-linux-x86_64 | 1.1.1 | 186.25 | 39.09 | 225.34 | OK | |
r-release-macos-arm64 | 1.1.1 | 81.00 | NOTE | |||
r-release-macos-x86_64 | 1.1.1 | 106.00 | NOTE | |||
r-release-windows-x86_64 | 1.1.1 | 179.00 | 100.00 | 279.00 | OK | |
r-oldrel-macos-arm64 | 1.1.1 | 74.00 | NOTE | |||
r-oldrel-macos-x86_64 | 1.1.1 | 107.00 | NOTE | |||
r-oldrel-windows-ix86+x86_64 | 1.1.1 | 530.00 | 97.00 | 627.00 | OK |
Version: 1.1.1
Check: dependencies in R code
Result: NOTE
Namespace in Imports field not imported from: ‘Rdpack’
All declared Imports should be used.
Flavors: r-devel-linux-x86_64-fedora-clang, r-devel-linux-x86_64-fedora-gcc
Version: 1.1.1
Check: installed package size
Result: NOTE
installed size is 14.3Mb
sub-directories of 1Mb or more:
libs 14.2Mb
Flavors: r-release-macos-arm64, r-release-macos-x86_64, r-oldrel-macos-arm64, r-oldrel-macos-x86_64