Last updated on 2024-03-12 07:50:03 CET.
Flavor | Version | Tinstall | Tcheck | Ttotal | Status | Flags |
---|---|---|---|---|---|---|
r-devel-linux-x86_64-debian-clang | 0.3.3 | 4.73 | 39.48 | 44.21 | NOTE | |
r-devel-linux-x86_64-debian-gcc | 0.3.3 | 4.15 | 30.83 | 34.98 | NOTE | |
r-devel-linux-x86_64-fedora-clang | 0.3.3 | 57.83 | NOTE | |||
r-devel-linux-x86_64-fedora-gcc | 0.3.3 | 53.90 | NOTE | |||
r-devel-windows-x86_64 | 0.3.3 | 5.00 | 55.00 | 60.00 | NOTE | |
r-patched-linux-x86_64 | 0.3.3 | 6.49 | 39.20 | 45.69 | OK | |
r-release-linux-x86_64 | 0.3.3 | 4.80 | 39.20 | 44.00 | OK | |
r-release-macos-arm64 | 0.3.3 | 21.00 | OK | |||
r-release-macos-x86_64 | 0.3.3 | 29.00 | OK | |||
r-release-windows-x86_64 | 0.3.3 | 6.00 | 56.00 | 62.00 | OK | |
r-oldrel-macos-arm64 | 0.3.3 | 22.00 | OK | |||
r-oldrel-windows-x86_64 | 0.3.3 | 9.00 | 64.00 | 73.00 | OK |
Version: 0.3.3
Check: Rd files
Result: NOTE
checkRd: (-1) struc_addSimData.Rd:15: Lost braces
15 | \item{value}{code{data.frame} or code{data.table}}
| ^
checkRd: (-1) struc_addSimData.Rd:15: Lost braces
15 | \item{value}{code{data.frame} or code{data.table}}
| ^
Flavors: r-devel-linux-x86_64-debian-clang, r-devel-linux-x86_64-debian-gcc, r-devel-linux-x86_64-fedora-clang, r-devel-linux-x86_64-fedora-gcc, r-devel-windows-x86_64