CRAN Package Check Results for Package PROreg

Last updated on 2021-07-25 08:51:07 CEST.

Flavor Version Tinstall Tcheck Ttotal Status Flags
r-devel-linux-x86_64-debian-clang 1.1 12.79 119.04 131.83 NOTE
r-devel-linux-x86_64-debian-gcc 1.1 10.66 89.18 99.84 NOTE
r-devel-linux-x86_64-fedora-clang 1.1 162.62 NOTE
r-devel-linux-x86_64-fedora-gcc 1.1 153.90 NOTE
r-devel-windows-x86_64 1.1 14.00 113.00 127.00 NOTE
r-devel-windows-x86_64-gcc10-UCRT 1.1 NOTE
r-patched-linux-x86_64 1.1 17.90 112.63 130.53 NOTE
r-patched-solaris-x86 1.1 248.40 NOTE
r-release-linux-x86_64 1.1 10.91 113.48 124.39 NOTE
r-release-macos-arm64 1.1 NOTE
r-release-macos-x86_64 1.1 NOTE
r-release-windows-ix86+x86_64 1.1 26.00 126.00 152.00 NOTE
r-oldrel-macos-x86_64 1.1 OK
r-oldrel-windows-ix86+x86_64 1.1 28.00 132.00 160.00 OK

Check Details

Version: 1.1
Check: LazyData
Result: NOTE
     'LazyData' is specified without a 'data' directory
Flavors: r-devel-linux-x86_64-debian-clang, r-devel-linux-x86_64-debian-gcc, r-devel-linux-x86_64-fedora-clang, r-devel-linux-x86_64-fedora-gcc, r-devel-windows-x86_64, r-devel-windows-x86_64-gcc10-UCRT, r-patched-linux-x86_64, r-patched-solaris-x86, r-release-linux-x86_64, r-release-macos-arm64, r-release-macos-x86_64, r-release-windows-ix86+x86_64