Last updated on 2024-07-27 08:49:27 CEST.
Flavor | Version | Tinstall | Tcheck | Ttotal | Status | Flags |
---|---|---|---|---|---|---|
r-devel-linux-x86_64-debian-clang | 3.2.13 | 92.66 | 111.32 | 203.98 | OK | |
r-devel-linux-x86_64-debian-gcc | 3.2.13 | OK | ||||
r-devel-linux-x86_64-fedora-clang | 3.2.13 | 269.12 | OK | |||
r-devel-linux-x86_64-fedora-gcc | 3.2.13 | 302.46 | OK | |||
r-devel-windows-x86_64 | 3.2.13 | 71.00 | 121.00 | 192.00 | OK | |
r-patched-linux-x86_64 | 3.2.13 | OK | ||||
r-release-linux-x86_64 | 3.2.13 | 88.73 | 110.40 | 199.13 | OK | |
r-release-macos-arm64 | 3.2.13 | 66.00 | NOTE | |||
r-release-macos-x86_64 | 3.2.13 | 105.00 | NOTE | |||
r-release-windows-x86_64 | 3.2.13 | 76.00 | 117.00 | 193.00 | OK | |
r-oldrel-macos-arm64 | 3.2.13 | 69.00 | NOTE | |||
r-oldrel-macos-x86_64 | 3.2.13 | 185.00 | NOTE | |||
r-oldrel-windows-x86_64 | 3.2.13 | 86.00 | 147.00 | 233.00 | OK |
Version: 3.2.13
Check: installed package size
Result: NOTE
installed size is 21.1Mb
sub-directories of 1Mb or more:
libs 20.7Mb
Flavors: r-release-macos-arm64, r-release-macos-x86_64, r-oldrel-macos-arm64, r-oldrel-macos-x86_64