Last updated on 2024-04-19 08:54:51 CEST.
Flavor | Version | Tinstall | Tcheck | Ttotal | Status | Flags |
---|---|---|---|---|---|---|
r-devel-linux-x86_64-debian-clang | 1.0-1 | 15.94 | 134.07 | 150.01 | NOTE | |
r-devel-linux-x86_64-debian-gcc | 1.0-1 | NOTE | ||||
r-devel-linux-x86_64-fedora-clang | 1.0-1 | 187.39 | NOTE | |||
r-devel-linux-x86_64-fedora-gcc | 1.0-1 | 176.95 | NOTE | |||
r-prerel-macos-arm64 | 1.0-1 | 50.00 | NOTE | |||
r-prerel-windows-x86_64 | 1.0-1 | 15.00 | 110.00 | 125.00 | NOTE | |
r-patched-linux-x86_64 | 1.0-1 | 16.29 | 130.44 | 146.73 | NOTE | |
r-release-linux-x86_64 | 1.0-1 | 11.59 | 132.32 | 143.91 | NOTE | |
r-release-macos-arm64 | 1.0-1 | 59.00 | NOTE | |||
r-release-macos-x86_64 | 1.0-1 | 89.00 | NOTE | |||
r-release-windows-x86_64 | 1.0-1 | 19.00 | 130.00 | 149.00 | NOTE | |
r-oldrel-macos-arm64 | 1.0-1 | 58.00 | OK | |||
r-oldrel-windows-x86_64 | 1.0-1 | 21.00 | 130.00 | 151.00 | OK |
Version: 1.0-1
Check: package subdirectories
Result: NOTE
Problems with news in ‘NEWS.md’:
No news entries found.
Flavors: r-devel-linux-x86_64-debian-clang, r-devel-linux-x86_64-debian-gcc, r-devel-linux-x86_64-fedora-clang, r-devel-linux-x86_64-fedora-gcc, r-prerel-macos-arm64, r-prerel-windows-x86_64, r-patched-linux-x86_64, r-release-linux-x86_64, r-release-macos-arm64, r-release-macos-x86_64, r-release-windows-x86_64