Last updated on 2024-04-18 08:54:42 CEST.
Flavor | Version | Tinstall | Tcheck | Ttotal | Status | Flags |
---|---|---|---|---|---|---|
r-devel-linux-x86_64-debian-clang | 1.0.2 | 20.84 | 150.55 | 171.39 | OK | |
r-devel-linux-x86_64-debian-gcc | 1.0.2 | 15.26 | 113.12 | 128.38 | OK | |
r-devel-linux-x86_64-fedora-clang | 1.0.2 | 215.75 | NOTE | |||
r-devel-linux-x86_64-fedora-gcc | 1.0.2 | 218.05 | OK | |||
r-prerel-macos-arm64 | 1.0.2 | 65.00 | OK | |||
r-prerel-windows-x86_64 | 1.0.2 | 17.00 | 114.00 | 131.00 | OK | |
r-patched-linux-x86_64 | 1.0.2 | 16.25 | 140.42 | 156.67 | OK | |
r-release-linux-x86_64 | 1.0.2 | 15.49 | 143.85 | 159.34 | OK | |
r-release-macos-arm64 | 1.0.2 | 61.00 | OK | |||
r-release-macos-x86_64 | 1.0.2 | 167.00 | OK | |||
r-release-windows-x86_64 | 1.0.2 | 22.00 | 142.00 | 164.00 | OK | |
r-oldrel-macos-arm64 | 1.0.2 | 65.00 | OK | |||
r-oldrel-windows-x86_64 | 1.0.2 | 23.00 | 151.00 | 174.00 | OK |
Version: 1.0.2
Check: package dependencies
Result: NOTE
Imports includes 21 non-default packages.
Importing from so many packages makes the package vulnerable to any of
them becoming unavailable. Move as many as possible to Suggests and
use conditionally.
Flavor: r-devel-linux-x86_64-fedora-clang