Last updated on 2024-04-23 08:58:12 CEST.
Flavor | Version | Tinstall | Tcheck | Ttotal | Status | Flags |
---|---|---|---|---|---|---|
r-devel-linux-x86_64-debian-clang | 0.2.4 | 5.89 | 84.71 | 90.60 | OK | |
r-devel-linux-x86_64-debian-gcc | 0.2.4 | 4.49 | 61.20 | 65.69 | OK | |
r-devel-linux-x86_64-fedora-clang | 0.2.4 | 110.18 | NOTE | |||
r-devel-linux-x86_64-fedora-gcc | 0.2.4 | 113.61 | OK | |||
r-prerel-macos-arm64 | 0.2.4 | 44.00 | OK | |||
r-prerel-windows-x86_64 | 0.2.4 | 7.00 | 89.00 | 96.00 | OK | |
r-patched-linux-x86_64 | 0.2.4 | 6.07 | 79.11 | 85.18 | OK | |
r-release-linux-x86_64 | 0.2.4 | 5.16 | 79.06 | 84.22 | OK | |
r-release-macos-arm64 | 0.2.4 | 39.00 | OK | |||
r-release-macos-x86_64 | 0.2.4 | 63.00 | OK | |||
r-release-windows-x86_64 | 0.2.4 | 8.00 | 99.00 | 107.00 | OK | |
r-oldrel-macos-arm64 | 0.2.4 | 33.00 | OK | |||
r-oldrel-windows-x86_64 | 0.2.4 | 9.00 | 98.00 | 107.00 | OK |
Version: 0.2.4
Check: Rd cross-references
Result: NOTE
Undeclared package ‘entropy’ in Rd xrefs
Flavor: r-devel-linux-x86_64-fedora-clang