Last updated on 2024-04-30 08:53:18 CEST.
Flavor | Version | Tinstall | Tcheck | Ttotal | Status | Flags |
---|---|---|---|---|---|---|
r-devel-linux-x86_64-debian-clang | 3.2.5 | 227.52 | 128.03 | 355.55 | OK | |
r-devel-linux-x86_64-debian-gcc | 3.2.5 | 192.85 | 99.36 | 292.21 | OK | |
r-devel-linux-x86_64-fedora-clang | 3.2.5 | 471.48 | OK | |||
r-devel-linux-x86_64-fedora-gcc | 3.2.5 | 536.79 | OK | |||
r-devel-windows-x86_64 | 3.2.5 | 168.00 | 129.00 | 297.00 | OK | |
r-patched-linux-x86_64 | 3.2.5 | 229.67 | 128.75 | 358.42 | OK | |
r-release-linux-x86_64 | 3.2.5 | 230.58 | 131.09 | 361.67 | OK | |
r-release-macos-arm64 | 3.2.5 | 122.00 | NOTE | |||
r-release-windows-x86_64 | 3.2.5 | 167.00 | 134.00 | 301.00 | OK | |
r-oldrel-macos-arm64 | 3.2.5 | 165.00 | NOTE | |||
r-oldrel-macos-x86_64 | 3.2.5 | 166.00 | NOTE | |||
r-oldrel-windows-x86_64 | 3.2.5 | 204.00 | 170.00 | 374.00 | OK |
Version: 3.2.5
Check: installed package size
Result: NOTE
installed size is 40.9Mb
sub-directories of 1Mb or more:
libs 40.4Mb
Flavors: r-release-macos-arm64, r-oldrel-macos-arm64, r-oldrel-macos-x86_64