Last updated on 2024-03-12 07:50:01 CET.
Flavor | Version | Tinstall | Tcheck | Ttotal | Status | Flags |
---|---|---|---|---|---|---|
r-devel-linux-x86_64-debian-clang | 0.3.4 | 39.36 | 276.54 | 315.90 | NOTE | |
r-devel-linux-x86_64-debian-gcc | 0.3.4 | 27.77 | 210.48 | 238.25 | NOTE | |
r-devel-linux-x86_64-fedora-clang | 0.3.4 | 397.39 | NOTE | |||
r-devel-linux-x86_64-fedora-gcc | 0.3.4 | 405.63 | NOTE | |||
r-devel-windows-x86_64 | 0.3.4 | 28.00 | 316.00 | 344.00 | NOTE | |
r-patched-linux-x86_64 | 0.3.4 | 22.23 | 268.33 | 290.56 | NOTE | |
r-release-linux-x86_64 | 0.3.4 | 26.02 | 272.32 | 298.34 | NOTE | |
r-release-macos-arm64 | 0.3.4 | 9.00 | ERROR | |||
r-release-macos-x86_64 | 0.3.4 | 195.00 | NOTE | |||
r-release-windows-x86_64 | 0.3.4 | 37.00 | 344.00 | 381.00 | NOTE | |
r-oldrel-macos-arm64 | 0.3.4 | 108.00 | NOTE | |||
r-oldrel-windows-x86_64 | 0.3.4 | 38.00 | 337.00 | 375.00 | NOTE |
Version: 0.3.4
Check: C++ specification
Result: NOTE
Specified C++11: please drop specification unless essential
Flavors: r-devel-linux-x86_64-debian-clang, r-devel-linux-x86_64-debian-gcc, r-devel-linux-x86_64-fedora-clang, r-devel-linux-x86_64-fedora-gcc, r-devel-windows-x86_64, r-patched-linux-x86_64, r-release-linux-x86_64, r-release-macos-x86_64, r-release-windows-x86_64
Version: 0.3.4
Check: installed package size
Result: NOTE
installed size is 5.1Mb
sub-directories of 1Mb or more:
doc 1.5Mb
extdata 3.2Mb
Flavors: r-devel-linux-x86_64-fedora-clang, r-devel-windows-x86_64, r-release-macos-x86_64, r-release-windows-x86_64, r-oldrel-macos-arm64, r-oldrel-windows-x86_64
Version: 0.3.4
Check: package dependencies
Result: ERROR
Package required but not available: ‘snpStats’
See section ‘The DESCRIPTION file’ in the ‘Writing R Extensions’
manual.
Flavor: r-release-macos-arm64