CRAN Package Check Results for Package PlasmaMutationDetector

Last updated on 2021-07-25 08:51:06 CEST.

Flavor Version Tinstall Tcheck Ttotal Status Flags
r-devel-linux-x86_64-debian-clang 1.7.2 50.32 432.20 482.52 OK
r-devel-linux-x86_64-debian-gcc 1.7.2 43.84 325.08 368.92 OK
r-devel-linux-x86_64-fedora-clang 1.7.2 612.46 OK
r-devel-linux-x86_64-fedora-gcc 1.7.2 605.43 OK
r-devel-windows-x86_64 1.7.2 54.00 336.00 390.00 OK
r-devel-windows-x86_64-gcc10-UCRT 1.7.2 OK
r-patched-linux-x86_64 1.7.2 46.89 408.27 455.16 OK
r-patched-solaris-x86 1.7.2 840.90 OK
r-release-linux-x86_64 1.7.2 50.11 405.58 455.69 OK
r-release-macos-arm64 1.7.2 ERROR
r-release-macos-x86_64 1.7.2 OK
r-release-windows-ix86+x86_64 1.7.2 114.00 337.00 451.00 OK
r-oldrel-macos-x86_64 1.7.2 OK
r-oldrel-windows-ix86+x86_64 1.7.2 134.00 469.00 603.00 OK

Check Details

Version: 1.7.2
Check: package dependencies
Result: ERROR
    Packages required but not available:
     'GenomicRanges', 'VariantAnnotation', 'Rsamtools', 'rtracklayer',
     'SummarizedExperiment'
    
    See section ‘The DESCRIPTION file’ in the ‘Writing R Extensions’
    manual.
Flavor: r-release-macos-arm64