Last updated on 2024-04-26 08:55:08 CEST.
Flavor | Version | Tinstall | Tcheck | Ttotal | Status | Flags |
---|---|---|---|---|---|---|
r-devel-linux-x86_64-debian-clang | 0.9.2 | 3.76 | 49.72 | 53.48 | NOTE | |
r-devel-linux-x86_64-debian-gcc | 0.9.2 | 2.92 | 36.37 | 39.29 | NOTE | |
r-devel-linux-x86_64-fedora-clang | 0.9.2 | 66.17 | NOTE | |||
r-devel-linux-x86_64-fedora-gcc | 0.9.2 | 75.92 | NOTE | |||
r-devel-windows-x86_64 | 0.9.2 | 4.00 | 66.00 | 70.00 | NOTE | |
r-patched-linux-x86_64 | 0.9.2 | 3.28 | 48.18 | 51.46 | NOTE | |
r-release-linux-x86_64 | 0.9.2 | 4.35 | 48.61 | 52.96 | OK | |
r-release-macos-arm64 | 0.9.2 | 29.00 | NOTE | |||
r-release-windows-x86_64 | 0.9.2 | 5.00 | 64.00 | 69.00 | NOTE | |
r-oldrel-macos-arm64 | 0.9.2 | 30.00 | OK | |||
r-oldrel-macos-x86_64 | 0.9.2 | 45.00 | OK | |||
r-oldrel-windows-x86_64 | 0.9.2 | 5.00 | 63.00 | 68.00 | OK |
Version: 0.9.2
Check: Rd files
Result: NOTE
checkRd: (-1) inputData.Rd:94: Lost braces
94 | recommend using either \sQuote{code{.}} (a period) or
| ^
checkRd: (-1) inputData.Rd:95: Lost braces
95 | \sQuote{code{_}} (an underscore) rather than a space.
| ^
checkRd: (-1) preprocessData.Rd:81: Lost braces
81 | recommend using either \sQuote{code{.}} (a period) or
| ^
checkRd: (-1) preprocessData.Rd:82: Lost braces
82 | \sQuote{code{_}} (an underscore) rather than a space.
| ^
Flavors: r-devel-linux-x86_64-debian-clang, r-devel-linux-x86_64-debian-gcc, r-devel-linux-x86_64-fedora-clang, r-devel-linux-x86_64-fedora-gcc, r-devel-windows-x86_64, r-patched-linux-x86_64, r-release-macos-arm64, r-release-windows-x86_64