CRAN Package Check Results for Package PortfolioOptim

Last updated on 2024-05-22 08:59:37 CEST.

Flavor Version Tinstall Tcheck Ttotal Status Flags
r-devel-linux-x86_64-debian-clang 1.1.1 2.95 28.61 31.56 NOTE
r-devel-linux-x86_64-debian-gcc 1.1.1 2.28 21.91 24.19 NOTE
r-devel-linux-x86_64-fedora-clang 1.1.1 39.95 NOTE
r-devel-linux-x86_64-fedora-gcc 1.1.1 39.41 NOTE
r-devel-windows-x86_64 1.1.1 3.00 43.00 46.00 NOTE
r-patched-linux-x86_64 1.1.1 2.89 28.02 30.91 NOTE
r-release-linux-x86_64 1.1.1 2.68 27.43 30.11 NOTE
r-release-macos-arm64 1.1.1 17.00 NOTE
r-release-windows-x86_64 1.1.1 3.00 44.00 47.00 NOTE
r-oldrel-macos-arm64 1.1.1 19.00 NOTE
r-oldrel-macos-x86_64 1.1.1 24.00 NOTE
r-oldrel-windows-x86_64 1.1.1 4.00 45.00 49.00 NOTE

Check Details

Version: 1.1.1
Check: LazyData
Result: NOTE 'LazyData' is specified without a 'data' directory Flavors: r-devel-linux-x86_64-debian-clang, r-devel-linux-x86_64-debian-gcc, r-devel-linux-x86_64-fedora-clang, r-devel-linux-x86_64-fedora-gcc, r-devel-windows-x86_64, r-patched-linux-x86_64, r-release-linux-x86_64, r-release-macos-arm64, r-release-windows-x86_64, r-oldrel-macos-arm64, r-oldrel-macos-x86_64, r-oldrel-windows-x86_64