Last updated on 2024-04-20 08:51:05 CEST.
Flavor | Version | Tinstall | Tcheck | Ttotal | Status | Flags |
---|---|---|---|---|---|---|
r-devel-linux-x86_64-debian-clang | 1.5.2 | 14.26 | 100.34 | 114.60 | NOTE | |
r-devel-linux-x86_64-debian-gcc | 1.5.2 | 9.70 | 72.01 | 81.71 | NOTE | |
r-devel-linux-x86_64-fedora-clang | 1.5.2 | 137.10 | NOTE | |||
r-devel-linux-x86_64-fedora-gcc | 1.5.2 | 129.10 | NOTE | |||
r-prerel-macos-arm64 | 1.5.2 | 38.00 | NOTE | |||
r-prerel-windows-x86_64 | 1.5.2 | 12.00 | 84.00 | 96.00 | NOTE | |
r-patched-linux-x86_64 | 1.5.2 | 9.99 | 90.82 | 100.81 | NOTE | |
r-release-linux-x86_64 | 1.5.2 | 7.78 | 94.91 | 102.69 | OK | |
r-release-macos-arm64 | 1.5.2 | 59.00 | OK | |||
r-release-macos-x86_64 | 1.5.2 | 82.00 | OK | |||
r-release-windows-x86_64 | 1.5.2 | 14.00 | 101.00 | 115.00 | OK | |
r-oldrel-macos-arm64 | 1.4.7 | 39.00 | OK | |||
r-oldrel-windows-x86_64 | 1.4.7 | 16.00 | 104.00 | 120.00 | OK |
Version: 1.5.2
Check: Rd files
Result: NOTE
checkRd: (-1) organize.Rd:17: Lost braces in \itemize; \value handles \item{}{} directly
checkRd: (-1) organize.Rd:18: Lost braces in \itemize; \value handles \item{}{} directly
checkRd: (-1) rebuild.Rd:17: Lost braces in \itemize; \value handles \item{}{} directly
checkRd: (-1) rebuild.Rd:18: Lost braces in \itemize; \value handles \item{}{} directly
checkRd: (-1) rebuild.Rd:19: Lost braces in \itemize; \value handles \item{}{} directly
checkRd: (-1) rebuild.Rd:20: Lost braces in \itemize; \value handles \item{}{} directly
Flavors: r-devel-linux-x86_64-debian-clang, r-devel-linux-x86_64-debian-gcc, r-devel-linux-x86_64-fedora-clang, r-devel-linux-x86_64-fedora-gcc, r-prerel-macos-arm64, r-prerel-windows-x86_64, r-patched-linux-x86_64