CRAN Package Check Results for Package QTOCen

Last updated on 2021-05-18 08:48:23 CEST.

Flavor Version Tinstall Tcheck Ttotal Status Flags
r-devel-linux-x86_64-debian-clang 0.1.1 9.16 116.03 125.19 NOTE
r-devel-linux-x86_64-debian-gcc 0.1.1 7.45 88.41 95.86 NOTE
r-devel-linux-x86_64-fedora-clang 0.1.1 156.68 NOTE
r-devel-linux-x86_64-fedora-gcc 0.1.1 155.68 NOTE
r-devel-windows-ix86+x86_64 0.1.1 21.00 143.00 164.00 NOTE
r-devel-windows-x86_64-gcc10-UCRT 0.1.1 NOTE
r-patched-linux-x86_64 0.1.1 10.19 113.16 123.35 NOTE
r-patched-solaris-x86 0.1.1 210.40 NOTE
r-release-linux-x86_64 0.1.1 8.04 109.83 117.87 OK
r-release-macos-x86_64 0.1.1 NOTE
r-release-windows-ix86+x86_64 0.1.1 17.00 112.00 129.00 OK
r-oldrel-macos-x86_64 0.1.1 NOTE
r-oldrel-windows-ix86+x86_64 0.1.1 13.00 138.00 151.00 OK

Check Details

Version: 0.1.1
Check: LazyData
Result: NOTE
     'LazyData' is specified without a 'data' directory
Flavors: r-devel-linux-x86_64-debian-clang, r-devel-linux-x86_64-debian-gcc, r-devel-linux-x86_64-fedora-clang, r-devel-linux-x86_64-fedora-gcc, r-devel-windows-ix86+x86_64, r-devel-windows-x86_64-gcc10-UCRT, r-patched-linux-x86_64, r-patched-solaris-x86

Version: 0.1.1
Check: dependencies in R code
Result: NOTE
    Namespace in Imports field not imported from: ‘MatrixModels’
     All declared Imports should be used.
Flavors: r-devel-linux-x86_64-fedora-clang, r-devel-linux-x86_64-fedora-gcc, r-devel-windows-x86_64-gcc10-UCRT, r-patched-solaris-x86, r-release-macos-x86_64, r-oldrel-macos-x86_64