CRAN Package Check Results for Package QTOCen

Last updated on 2024-03-04 07:48:37 CET.

Flavor Version Tinstall Tcheck Ttotal Status Flags
r-devel-linux-x86_64-debian-clang 0.1.1 9.09 120.21 129.30 NOTE
r-devel-linux-x86_64-debian-gcc 0.1.1 6.67 89.58 96.25 NOTE
r-devel-linux-x86_64-fedora-clang 0.1.1 162.30 NOTE
r-devel-linux-x86_64-fedora-gcc 0.1.1 161.05 NOTE
r-devel-windows-x86_64 0.1.1 10.00 104.00 114.00 NOTE
r-patched-linux-x86_64 0.1.1 10.87 116.11 126.98 NOTE
r-release-linux-x86_64 0.1.1 9.27 115.07 124.34 NOTE
r-release-macos-arm64 0.1.1 54.00 NOTE
r-release-macos-x86_64 0.1.1 85.00 NOTE
r-release-windows-x86_64 0.1.1 10.00 126.00 136.00 NOTE
r-oldrel-macos-arm64 0.1.1 63.00 NOTE
r-oldrel-windows-x86_64 0.1.1 11.00 129.00 140.00 NOTE

Check Details

Version: 0.1.1
Check: Rd files
Result: NOTE checkRd: (-1) IPWE_mean_IndCen.Rd:54-57: Lost braces in \itemize; \value handles \item{}{} directly checkRd: (-1) IPWE_mean_IndCen.Rd:58: Lost braces in \itemize; \value handles \item{}{} directly checkRd: (-1) IPWE_mean_IndCen.Rd:59: Lost braces in \itemize; \value handles \item{}{} directly checkRd: (-1) IPWE_mean_IndCen.Rd:60: Lost braces in \itemize; \value handles \item{}{} directly checkRd: (-1) IPWE_mean_IndCen.Rd:61-62: Lost braces in \itemize; \value handles \item{}{} directly checkRd: (-1) IPWE_mean_IndCen.Rd:63: Lost braces in \itemize; \value handles \item{}{} directly checkRd: (-1) simJLSDdata.Rd:14: Lost braces; missing escapes or markup? 14 | \item{case}{string. One of {"a", "b", "c"}, corresponding to three models.} | ^ checkRd: (-1) simJLSDdata.Rd:30: Lost braces in \itemize; \value handles \item{}{} directly checkRd: (-1) simJLSDdata.Rd:31: Lost braces in \itemize; \value handles \item{}{} directly checkRd: (-1) simJLSDdata.Rd:32-34: Lost braces in \itemize; \value handles \item{}{} directly checkRd: (-1) simJLSDdata.Rd:35: Lost braces in \itemize; \value handles \item{}{} directly Flavors: r-devel-linux-x86_64-debian-clang, r-devel-linux-x86_64-debian-gcc, r-devel-linux-x86_64-fedora-clang, r-devel-linux-x86_64-fedora-gcc, r-devel-windows-x86_64

Version: 0.1.1
Check: LazyData
Result: NOTE 'LazyData' is specified without a 'data' directory Flavors: r-devel-linux-x86_64-debian-clang, r-devel-linux-x86_64-debian-gcc, r-devel-linux-x86_64-fedora-clang, r-devel-linux-x86_64-fedora-gcc, r-devel-windows-x86_64, r-patched-linux-x86_64, r-release-linux-x86_64, r-release-macos-arm64, r-release-macos-x86_64, r-release-windows-x86_64, r-oldrel-macos-arm64, r-oldrel-windows-x86_64

Version: 0.1.1
Check: dependencies in R code
Result: NOTE Namespace in Imports field not imported from: ‘MatrixModels’ All declared Imports should be used. Flavors: r-devel-linux-x86_64-fedora-clang, r-devel-linux-x86_64-fedora-gcc, r-oldrel-macos-arm64

Version: 0.1.1
Check: package dependencies
Result: NOTE Packages suggested but not available for checking: 'faraway', 'quantoptr', 'survminer' Flavor: r-release-macos-x86_64