CRAN Package Check Results for Package Quartet

Last updated on 2023-02-02 07:53:07 CET.

Flavor Version Tinstall Tcheck Ttotal Status Flags
r-devel-linux-x86_64-debian-clang 1.2.5 120.49 111.21 231.70 NOTE
r-devel-linux-x86_64-debian-gcc 1.2.5 88.73 87.33 176.06 NOTE
r-devel-linux-x86_64-fedora-clang 1.2.5 367.52 NOTE
r-devel-linux-x86_64-fedora-gcc 1.2.5 307.60 NOTE
r-devel-windows-x86_64 1.2.5 136.00 189.00 325.00 NOTE
r-patched-linux-x86_64 1.2.5 96.39 99.99 196.38 OK
r-release-linux-x86_64 1.2.5 102.84 101.59 204.43 OK
r-release-macos-arm64 1.2.5 84.00 OK
r-release-macos-x86_64 1.2.5 104.00 OK
r-release-windows-x86_64 1.2.5 136.00 190.00 326.00 OK
r-oldrel-macos-arm64 1.2.5 80.00 OK
r-oldrel-macos-x86_64 1.2.5 107.00 OK
r-oldrel-windows-ix86+x86_64 1.2.5 290.00 220.00 510.00 OK

Check Details

Version: 1.2.5
Check: C++ specification
Result: NOTE
     Specified C++11: please update to current default of C++17
Flavors: r-devel-linux-x86_64-debian-clang, r-devel-linux-x86_64-debian-gcc, r-devel-linux-x86_64-fedora-clang, r-devel-linux-x86_64-fedora-gcc, r-devel-windows-x86_64