Last updated on 2024-03-12 07:50:04 CET.
Flavor | Version | Tinstall | Tcheck | Ttotal | Status | Flags |
---|---|---|---|---|---|---|
r-devel-linux-x86_64-debian-clang | 0.16.0 | 3.63 | 44.19 | 47.82 | NOTE | |
r-devel-linux-x86_64-debian-gcc | 0.16.0 | 2.85 | 34.28 | 37.13 | NOTE | |
r-devel-linux-x86_64-fedora-clang | 0.16.0 | 59.15 | NOTE | |||
r-devel-linux-x86_64-fedora-gcc | 0.16.0 | 57.15 | NOTE | |||
r-devel-windows-x86_64 | 0.16.0 | 4.00 | 349.00 | 353.00 | NOTE | |
r-patched-linux-x86_64 | 0.16.0 | 3.64 | 43.78 | 47.42 | OK | |
r-release-linux-x86_64 | 0.16.0 | 3.44 | 43.05 | 46.49 | OK | |
r-release-macos-arm64 | 0.16.0 | 40.00 | OK | |||
r-release-macos-x86_64 | 0.16.0 | 47.00 | OK | |||
r-release-windows-x86_64 | 0.16.0 | 5.00 | 410.00 | 415.00 | OK | |
r-oldrel-macos-arm64 | 0.16.0 | 36.00 | OK | |||
r-oldrel-windows-x86_64 | 0.16.0 | 6.00 | 199.00 | 205.00 | OK |
Version: 0.16.0
Check: Rd files
Result: NOTE
checkRd: (-1) R.cache-package.Rd:28-30: Lost braces in \itemize; meant \describe ?
checkRd: (-1) R.cache-package.Rd:31-34: Lost braces in \itemize; meant \describe ?
Flavors: r-devel-linux-x86_64-debian-clang, r-devel-linux-x86_64-debian-gcc, r-devel-linux-x86_64-fedora-clang, r-devel-linux-x86_64-fedora-gcc, r-devel-windows-x86_64