CRAN Package Check Results for Package R2DT

Last updated on 2021-04-11 08:48:55 CEST.

Flavor Version Tinstall Tcheck Ttotal Status Flags
r-devel-linux-x86_64-debian-clang 0.2 3.21 35.36 38.57 NOTE
r-devel-linux-x86_64-debian-gcc 0.2 2.79 27.27 30.06 NOTE
r-devel-linux-x86_64-fedora-clang 0.2 54.45 NOTE
r-devel-linux-x86_64-fedora-gcc 0.2 42.43 NOTE
r-devel-windows-ix86+x86_64 0.2 7.00 40.00 47.00 NOTE
r-devel-windows-x86_64-gcc10-UCRT 0.2 NOTE
r-patched-linux-x86_64 0.2 3.33 32.66 35.99 OK
r-patched-solaris-x86 0.2 66.20 OK
r-release-linux-x86_64 0.2 3.56 32.71 36.27 OK
r-release-macos-x86_64 0.2 OK
r-release-windows-ix86+x86_64 0.2 6.00 53.00 59.00 OK
r-oldrel-macos-x86_64 0.2 OK
r-oldrel-windows-ix86+x86_64 0.2 8.00 39.00 47.00 OK

Check Details

Version: 0.2
Check: LazyData
Result: NOTE
     'LazyData' is specified without a 'data' directory
Flavors: r-devel-linux-x86_64-debian-clang, r-devel-linux-x86_64-debian-gcc, r-devel-linux-x86_64-fedora-clang, r-devel-linux-x86_64-fedora-gcc, r-devel-windows-ix86+x86_64, r-devel-windows-x86_64-gcc10-UCRT