Last updated on 2024-04-24 07:57:50 CEST.
Flavor | Version | Tinstall | Tcheck | Ttotal | Status | Flags |
---|---|---|---|---|---|---|
r-devel-linux-x86_64-debian-clang | 2.3.3 | 7.83 | 49.80 | 57.63 | NOTE | |
r-devel-linux-x86_64-debian-gcc | 2.3.3 | 6.67 | 35.91 | 42.58 | NOTE | |
r-devel-linux-x86_64-fedora-clang | 2.3.3 | 71.18 | NOTE | |||
r-devel-linux-x86_64-fedora-gcc | 2.3.3 | 65.64 | NOTE | |||
r-prerel-macos-arm64 | 2.3.3 | 22.00 | NOTE | |||
r-prerel-windows-x86_64 | 2.3.3 | 7.00 | 55.00 | 62.00 | NOTE | |
r-patched-linux-x86_64 | 2.3.3 | 8.19 | 46.92 | 55.11 | NOTE | |
r-release-linux-x86_64 | 2.3.3 | 7.60 | 48.39 | 55.99 | OK | |
r-release-macos-arm64 | 2.3.3 | 24.00 | OK | |||
r-release-macos-x86_64 | 2.3.3 | 37.00 | OK | |||
r-release-windows-x86_64 | 2.3.3 | 6.00 | 61.00 | 67.00 | OK | |
r-oldrel-macos-arm64 | 2.3.3 | 23.00 | OK | |||
r-oldrel-windows-x86_64 | 2.3.3 | 10.00 | 63.00 | 73.00 | OK |
Version: 2.3.3
Check: Rd files
Result: NOTE
checkRd: (-1) HTML.data.frame.Rd:54: Lost braces; missing escapes or markup?
54 | \code{getOption("R2HTML.format.decimal.mark")} and {options("R2HTML.format.decimal.mark"=",")}
| ^
Flavors: r-devel-linux-x86_64-debian-clang, r-devel-linux-x86_64-debian-gcc, r-devel-linux-x86_64-fedora-clang, r-devel-linux-x86_64-fedora-gcc, r-prerel-macos-arm64, r-prerel-windows-x86_64, r-patched-linux-x86_64
Version: 2.3.3
Check: Rd line widths
Result: NOTE
Rd file 'HTMLInsertGraph.Rd':
\examples lines wider than 100 characters:
## Not run: plot(table(rpois(100,5)), type = "h", col = "red", lwd=10,main="rpois(100,lambda=5)")
These lines will be truncated in the PDF manual.
Flavors: r-devel-linux-x86_64-debian-clang, r-devel-linux-x86_64-debian-gcc, r-devel-linux-x86_64-fedora-clang, r-devel-linux-x86_64-fedora-gcc, r-patched-linux-x86_64