Last updated on 2024-04-24 07:57:50 CEST.
Flavor | Version | Tinstall | Tcheck | Ttotal | Status | Flags |
---|---|---|---|---|---|---|
r-devel-linux-x86_64-debian-clang | 0.1.1 | 2.87 | 49.03 | 51.90 | OK | |
r-devel-linux-x86_64-debian-gcc | 0.1.1 | 2.07 | 36.90 | 38.97 | OK | |
r-devel-linux-x86_64-fedora-clang | 0.1.1 | 65.86 | NOTE | |||
r-devel-linux-x86_64-fedora-gcc | 0.1.1 | 74.43 | NOTE | |||
r-prerel-macos-arm64 | 0.1.1 | 211.00 | OK | |||
r-prerel-windows-x86_64 | 0.1.1 | 4.00 | 351.00 | 355.00 | OK | |
r-patched-linux-x86_64 | 0.1.1 | 2.52 | 45.80 | 48.32 | OK | |
r-release-linux-x86_64 | 0.1.1 | 2.61 | 45.25 | 47.86 | OK | |
r-release-macos-arm64 | 0.1.1 | 237.00 | OK | |||
r-release-macos-x86_64 | 0.1.1 | 331.00 | OK | |||
r-release-windows-x86_64 | 0.1.1 | 4.00 | 480.00 | 484.00 | OK | |
r-oldrel-macos-arm64 | 0.1.1 | 179.00 | NOTE | |||
r-oldrel-windows-x86_64 | 0.1.1 | 5.00 | 476.00 | 481.00 | OK |
Version: 0.1.1
Check: dependencies in R code
Result: NOTE
Namespaces in Imports field not imported from:
‘asd’ ‘cubature’ ‘data.table’ ‘ggplot2’ ‘multxpert’ ‘survival’
All declared Imports should be used.
Flavors: r-devel-linux-x86_64-fedora-clang, r-devel-linux-x86_64-fedora-gcc, r-oldrel-macos-arm64