CRAN Package Check Results for Package RCPA

Last updated on 2024-04-18 08:54:44 CEST.

Flavor Version Tinstall Tcheck Ttotal Status Flags
r-devel-linux-x86_64-debian-clang 0.2.1 52.84 432.11 484.95 OK
r-devel-linux-x86_64-debian-gcc 0.2.2 41.69 321.18 362.87 OK
r-devel-linux-x86_64-fedora-clang 0.2.2 655.23 OK
r-devel-linux-x86_64-fedora-gcc 0.2.2 621.82 OK
r-prerel-macos-arm64 0.2.2 184.00 NOTE
r-prerel-macos-x86_64 0.2.2 494.00 OK
r-prerel-windows-x86_64 0.2.2 44.00 324.00 368.00 OK
r-patched-linux-x86_64 0.2.1 34.10 414.10 448.20 OK
r-release-linux-x86_64 0.2.1 33.90 424.69 458.59 OK
r-release-macos-arm64 0.2.2 160.00 NOTE
r-release-macos-x86_64 0.2.2 352.00 NOTE
r-release-windows-x86_64 0.2.2 45.00 329.00 374.00 OK
r-oldrel-macos-arm64 0.2.2 144.00 NOTE
r-oldrel-windows-x86_64 0.2.2 50.00 396.00 446.00 OK

Additional issues

donttest

Check Details

Version: 0.2.2
Check: package dependencies
Result: NOTE Package suggested but not available for checking: ‘hgu133plus2.db’ Flavor: r-prerel-macos-arm64

Version: 0.2.2
Check: package dependencies
Result: NOTE Packages suggested but not available for checking: 'ROntoTools', 'hgu133plus2.db', 'oligo' Flavors: r-release-macos-arm64, r-release-macos-x86_64

Version: 0.2.2
Check: package dependencies
Result: NOTE Packages suggested but not available for checking: 'ROntoTools', 'oligo' Flavor: r-oldrel-macos-arm64