Last updated on 2024-04-19 08:54:52 CEST.
Flavor | Version | Tinstall | Tcheck | Ttotal | Status | Flags |
---|---|---|---|---|---|---|
r-devel-linux-x86_64-debian-clang | 1.0.3 | 6.33 | 78.64 | 84.97 | NOTE | |
r-devel-linux-x86_64-debian-gcc | 1.0.3 | NOTE | ||||
r-devel-linux-x86_64-fedora-clang | 1.0.3 | 108.71 | NOTE | |||
r-devel-linux-x86_64-fedora-gcc | 1.0.3 | 100.59 | NOTE | |||
r-prerel-macos-arm64 | 1.0.3 | 33.00 | NOTE | |||
r-prerel-windows-x86_64 | 1.0.3 | 5.00 | 91.00 | 96.00 | NOTE | |
r-patched-linux-x86_64 | 1.0.3 | 4.10 | 75.10 | 79.20 | NOTE | |
r-release-linux-x86_64 | 1.0.3 | 4.49 | 78.74 | 83.23 | NOTE | |
r-release-macos-arm64 | 1.0.3 | 34.00 | NOTE | |||
r-release-macos-x86_64 | 1.0.3 | 55.00 | NOTE | |||
r-release-windows-x86_64 | 1.0.3 | 7.00 | 99.00 | 106.00 | NOTE | |
r-oldrel-macos-arm64 | 1.0.3 | 29.00 | NOTE | |||
r-oldrel-windows-x86_64 | 1.0.3 | 8.00 | 100.00 | 108.00 | NOTE |
Version: 1.0.3
Check: LazyData
Result: NOTE
'LazyData' is specified without a 'data' directory
Flavors: r-devel-linux-x86_64-debian-clang, r-devel-linux-x86_64-debian-gcc, r-devel-linux-x86_64-fedora-clang, r-devel-linux-x86_64-fedora-gcc, r-prerel-macos-arm64, r-prerel-windows-x86_64, r-patched-linux-x86_64, r-release-linux-x86_64, r-release-macos-arm64, r-release-macos-x86_64, r-release-windows-x86_64, r-oldrel-macos-arm64, r-oldrel-windows-x86_64
Version: 1.0.3
Check: dependencies in R code
Result: NOTE
Namespace in Imports field not imported from: ‘Rdpack’
All declared Imports should be used.
Flavors: r-devel-linux-x86_64-fedora-clang, r-devel-linux-x86_64-fedora-gcc, r-oldrel-macos-arm64